Last updated on 2025-05-22 05:51:09 CEST.
Flavor | Version | Tinstall | Tcheck | Ttotal | Status | Flags |
---|---|---|---|---|---|---|
r-devel-linux-x86_64-debian-clang | 0.2.1 | 1.57 | 15.83 | 17.40 | NOTE | |
r-devel-linux-x86_64-debian-gcc | 0.2.1 | 1.35 | 13.65 | 15.00 | NOTE | |
r-devel-linux-x86_64-fedora-clang | 0.2.1 | 27.35 | OK | |||
r-devel-linux-x86_64-fedora-gcc | 0.2.1 | 26.00 | OK | |||
r-devel-windows-x86_64 | 0.2.1 | 3.00 | 42.00 | 45.00 | OK | |
r-patched-linux-x86_64 | 0.2.1 | 1.61 | 15.21 | 16.82 | OK | |
r-release-linux-x86_64 | 0.2.1 | 1.45 | 15.17 | 16.62 | OK | |
r-release-macos-arm64 | 0.2.1 | 18.00 | OK | |||
r-release-macos-x86_64 | 0.2.1 | 27.00 | OK | |||
r-release-windows-x86_64 | 0.2.1 | 3.00 | 63.00 | 66.00 | OK | |
r-oldrel-macos-arm64 | 0.2.1 | 13.00 | OK | |||
r-oldrel-macos-x86_64 | 0.2.1 | 17.00 | OK | |||
r-oldrel-windows-x86_64 | 0.2.1 | 4.00 | 41.00 | 45.00 | OK |
Version: 0.2.1
Check: CRAN incoming feasibility
Result: NOTE
Maintainer: ‘Stéphane Laurent <laurent_step@outlook.fr>’
No Authors@R field in DESCRIPTION.
Please add one, modifying
Authors@R: person(given = "Stéphane",
family = "Laurent",
role = c("aut", "cre"),
email = "laurent_step@outlook.fr")
as necessary.
Flavors: r-devel-linux-x86_64-debian-clang, r-devel-linux-x86_64-debian-gcc