Last updated on 2025-05-23 05:52:34 CEST.
Flavor | Version | Tinstall | Tcheck | Ttotal | Status | Flags |
---|---|---|---|---|---|---|
r-devel-linux-x86_64-debian-clang | 1.5.1 | 2.90 | 49.41 | 52.31 | OK | |
r-devel-linux-x86_64-debian-gcc | 1.5.1 | 1.90 | 41.66 | 43.56 | OK | |
r-devel-linux-x86_64-fedora-clang | 1.5.1 | 79.68 | OK | |||
r-devel-linux-x86_64-fedora-gcc | 1.5.1 | 75.75 | OK | |||
r-devel-windows-x86_64 | 1.5.1 | 5.00 | 117.00 | 122.00 | OK | |
r-patched-linux-x86_64 | 1.5.1 | 3.60 | 47.81 | 51.41 | OK | |
r-release-linux-x86_64 | 1.5.1 | 2.92 | 48.86 | 51.78 | OK | |
r-release-macos-arm64 | 1.5.1 | 36.00 | OK | |||
r-release-macos-x86_64 | 1.5.1 | 61.00 | OK | |||
r-release-windows-x86_64 | 1.5.1 | 5.00 | 118.00 | 123.00 | OK | |
r-oldrel-macos-arm64 | 1.5.1 | 32.00 | NOTE | |||
r-oldrel-macos-x86_64 | 1.5.1 | 47.00 | NOTE | |||
r-oldrel-windows-x86_64 | 1.5.1 | 5.00 | 86.00 | 91.00 | OK |
Version: 1.5.1
Check: package dependencies
Result: NOTE
Package suggested but not available for checking: ‘Rmpi’
Flavors: r-oldrel-macos-arm64, r-oldrel-macos-x86_64