CRAN Package Check Results for Package openbankeR

Last updated on 2025-05-22 05:51:09 CEST.

Flavor Version Tinstall Tcheck Ttotal Status Flags
r-devel-linux-x86_64-debian-clang 0.1.1 2.36 22.98 25.34 OK
r-devel-linux-x86_64-debian-gcc 0.1.1 1.75 19.36 21.11 OK
r-devel-linux-x86_64-fedora-clang 0.1.1 38.81 NOTE
r-devel-linux-x86_64-fedora-gcc 0.1.1 50.21 NOTE
r-devel-windows-x86_64 0.1.1 6.00 57.00 63.00 OK
r-patched-linux-x86_64 0.1.1 2.27 21.13 23.40 OK
r-release-linux-x86_64 0.1.1 2.25 20.96 23.21 OK
r-release-macos-arm64 0.1.1 25.00 OK
r-release-macos-x86_64 0.1.1 41.00 OK
r-release-windows-x86_64 0.1.1 5.00 86.00 91.00 OK
r-oldrel-macos-arm64 0.1.1 22.00 OK
r-oldrel-macos-x86_64 0.1.1 32.00 OK
r-oldrel-windows-x86_64 0.1.1 5.00 49.00 54.00 OK

Check Details

Version: 0.1.1
Check: dependencies in R code
Result: NOTE Namespaces in Imports field not imported from: ‘dplyr’ ‘glue’ ‘httpcode’ ‘httr’ ‘jsonlite’ ‘tidyr’ All declared Imports should be used. Flavors: r-devel-linux-x86_64-fedora-clang, r-devel-linux-x86_64-fedora-gcc