Last updated on 2025-05-22 05:51:09 CEST.
Flavor | Version | Tinstall | Tcheck | Ttotal | Status | Flags |
---|---|---|---|---|---|---|
r-devel-linux-x86_64-debian-clang | 1.0.0 | 6.69 | 56.65 | 63.34 | NOTE | |
r-devel-linux-x86_64-debian-gcc | 1.0.0 | 5.88 | 40.10 | 45.98 | NOTE | |
r-devel-linux-x86_64-fedora-clang | 1.0.0 | 99.40 | OK | |||
r-devel-linux-x86_64-fedora-gcc | 1.0.0 | 92.24 | OK | |||
r-devel-windows-x86_64 | 1.0.0 | 9.00 | 88.00 | 97.00 | OK | |
r-patched-linux-x86_64 | 1.0.0 | 7.50 | 52.32 | 59.82 | OK | |
r-release-linux-x86_64 | 1.0.0 | 7.41 | 52.50 | 59.91 | OK | |
r-release-macos-arm64 | 1.0.0 | 32.00 | OK | |||
r-release-macos-x86_64 | 1.0.0 | 53.00 | OK | |||
r-release-windows-x86_64 | 1.0.0 | 9.00 | 105.00 | 114.00 | OK | |
r-oldrel-macos-arm64 | 1.0.0 | 28.00 | OK | |||
r-oldrel-macos-x86_64 | 1.0.0 | 46.00 | OK | |||
r-oldrel-windows-x86_64 | 1.0.0 | 12.00 | 85.00 | 97.00 | OK |
Version: 1.0.0
Check: CRAN incoming feasibility
Result: NOTE
Maintainer: ‘Sergei Tarasov <sergei.tarasov@helsinki.fi>’
No Authors@R field in DESCRIPTION.
Please add one, modifying
Authors@R: person(given = "Sergei",
family = "Tarasov",
role = c("aut", "cre"),
email = "sergei.tarasov@helsinki.fi")
as necessary.
Flavors: r-devel-linux-x86_64-debian-clang, r-devel-linux-x86_64-debian-gcc