Last updated on 2025-05-22 05:51:09 CEST.
Flavor | Version | Tinstall | Tcheck | Ttotal | Status | Flags |
---|---|---|---|---|---|---|
r-devel-linux-x86_64-debian-clang | 0.1-2 | 2.78 | 35.17 | 37.95 | NOTE | |
r-devel-linux-x86_64-debian-gcc | 0.1-2 | 1.98 | 26.75 | 28.73 | NOTE | |
r-devel-linux-x86_64-fedora-clang | 0.1-2 | 63.58 | OK | |||
r-devel-linux-x86_64-fedora-gcc | 0.1-2 | 122.54 | OK | |||
r-devel-windows-x86_64 | 0.1-2 | 5.00 | 130.00 | 135.00 | NOTE | |
r-patched-linux-x86_64 | 0.1-2 | 2.73 | 60.84 | 63.57 | NOTE | |
r-release-linux-x86_64 | 0.1-2 | 2.51 | 35.32 | 37.83 | NOTE | |
r-release-macos-arm64 | 0.1-2 | 25.00 | OK | |||
r-release-macos-x86_64 | 0.1-2 | 59.00 | OK | |||
r-release-windows-x86_64 | 0.1-2 | 4.00 | 111.00 | 115.00 | NOTE | |
r-oldrel-macos-arm64 | 0.1-2 | 26.00 | OK | |||
r-oldrel-macos-x86_64 | 0.1-2 | 41.00 | OK | |||
r-oldrel-windows-x86_64 | 0.1-2 | 3.00 | 71.00 | 74.00 | OK |
Version: 0.1-2
Check: Rd cross-references
Result: NOTE
Found the following Rd file(s) with Rd \link{} targets missing package
anchors:
onls.Rd: nls.lm.control, nls.lm
Please provide package anchors for all Rd \link{} targets not in the
package itself and the base packages.
Flavors: r-devel-linux-x86_64-debian-clang, r-devel-linux-x86_64-debian-gcc, r-devel-windows-x86_64, r-patched-linux-x86_64, r-release-linux-x86_64, r-release-windows-x86_64