CRAN Package Check Results for Package ohsome

Last updated on 2025-05-22 05:51:09 CEST.

Flavor Version Tinstall Tcheck Ttotal Status Flags
r-devel-linux-x86_64-debian-clang 0.2.2 4.08 80.36 84.44 NOTE
r-devel-linux-x86_64-debian-gcc 0.2.2 3.30 59.74 63.04 NOTE
r-devel-linux-x86_64-fedora-clang 0.2.2 124.03 NOTE
r-devel-linux-x86_64-fedora-gcc 0.2.2 137.78 NOTE
r-devel-windows-x86_64 0.2.2 7.00 155.00 162.00 NOTE
r-patched-linux-x86_64 0.2.2 4.97 74.51 79.48 NOTE
r-release-linux-x86_64 0.2.2 4.32 75.82 80.14 NOTE
r-release-macos-arm64 0.2.2 62.00 NOTE
r-release-macos-x86_64 0.2.2 105.00 OK
r-release-windows-x86_64 0.2.2 7.00 95.00 102.00 NOTE
r-oldrel-macos-arm64 0.2.2 66.00 OK
r-oldrel-macos-x86_64 0.2.2 86.00 OK
r-oldrel-windows-x86_64 0.2.2 7.00 108.00 115.00 OK

Check Details

Version: 0.2.2
Check: DESCRIPTION meta-information
Result: NOTE Missing dependency on R >= 4.1.0 because package code uses the pipe |> or function shorthand \(...) syntax added in R 4.1.0. File(s) using such syntax: ‘set_parameters.Rd’ Flavors: r-devel-linux-x86_64-debian-clang, r-devel-linux-x86_64-debian-gcc, r-devel-linux-x86_64-fedora-clang, r-devel-linux-x86_64-fedora-gcc, r-devel-windows-x86_64, r-patched-linux-x86_64, r-release-linux-x86_64, r-release-macos-arm64, r-release-windows-x86_64

Version: 0.2.2
Check: R code for possible problems
Result: NOTE .onAttach: no visible binding for global variable ‘ohsome_metadata’ Undefined global functions or variables: ohsome_metadata Flavor: r-release-macos-arm64