Last updated on 2025-05-22 05:51:09 CEST.
Flavor | Version | Tinstall | Tcheck | Ttotal | Status | Flags |
---|---|---|---|---|---|---|
r-devel-linux-x86_64-debian-clang | 1.5 | 3.02 | 30.81 | 33.83 | NOTE | |
r-devel-linux-x86_64-debian-gcc | 1.5 | 2.52 | 25.04 | 27.56 | NOTE | |
r-devel-linux-x86_64-fedora-clang | 1.5 | 53.27 | OK | |||
r-devel-linux-x86_64-fedora-gcc | 1.5 | 50.09 | OK | |||
r-devel-windows-x86_64 | 1.5 | 6.00 | 74.00 | 80.00 | OK | |
r-patched-linux-x86_64 | 1.5 | 3.21 | 29.82 | 33.03 | OK | |
r-release-linux-x86_64 | 1.5 | 3.10 | 29.76 | 32.86 | OK | |
r-release-macos-arm64 | 1.5 | 23.00 | OK | |||
r-release-macos-x86_64 | 1.5 | 36.00 | OK | |||
r-release-windows-x86_64 | 1.5 | 5.00 | 89.00 | 94.00 | OK | |
r-oldrel-macos-arm64 | 1.5 | 19.00 | OK | |||
r-oldrel-macos-x86_64 | 1.5 | 29.00 | OK | |||
r-oldrel-windows-x86_64 | 1.5 | 6.00 | 61.00 | 67.00 | OK |
Version: 1.5
Check: CRAN incoming feasibility
Result: NOTE
Maintainer: ‘Muntashir-Al-Arefin <muntashir.a2i@gmail.com>’
No Authors@R field in DESCRIPTION.
Please add one, modifying
Authors@R: person(family = "Muntashir-Al-Arefin",
role = c("aut", "cre"),
email = "muntashir.a2i@gmail.com")
as necessary.
Flavors: r-devel-linux-x86_64-debian-clang, r-devel-linux-x86_64-debian-gcc