Last updated on 2025-10-29 05:50:18 CET.
| Flavor | Version | Tinstall | Tcheck | Ttotal | Status | Flags | 
|---|---|---|---|---|---|---|
| r-devel-linux-x86_64-debian-clang | 1.1 | 1.86 | 25.59 | 27.45 | NOTE | |
| r-devel-linux-x86_64-debian-gcc | 1.1 | 1.58 | 19.56 | 21.14 | NOTE | |
| r-devel-linux-x86_64-fedora-clang | 1.1 | 39.68 | OK | |||
| r-devel-linux-x86_64-fedora-gcc | 1.1 | 37.30 | OK | |||
| r-devel-windows-x86_64 | 1.1 | 2.00 | 48.00 | 50.00 | OK | |
| r-patched-linux-x86_64 | 1.1 | 2.08 | 23.37 | 25.45 | OK | |
| r-release-linux-x86_64 | 1.1 | 1.97 | 23.66 | 25.63 | OK | |
| r-release-macos-arm64 | 1.1 | 1.00 | 17.00 | 18.00 | OK | |
| r-release-macos-x86_64 | 1.1 | 2.00 | 27.00 | 29.00 | OK | |
| r-release-windows-x86_64 | 1.1 | 4.00 | 49.00 | 53.00 | OK | |
| r-oldrel-macos-arm64 | 1.1 | 1.00 | 16.00 | 17.00 | OK | |
| r-oldrel-macos-x86_64 | 1.1 | 2.00 | 28.00 | 30.00 | OK | |
| r-oldrel-windows-x86_64 | 1.1 | 3.00 | 59.00 | 62.00 | OK | 
Version: 1.1
Check: CRAN incoming feasibility
Result: NOTE
  Maintainer: ‘Ming-Chang (Alan) Lee <alan9956@ydu.edu.tw>’
  
  No Authors@R field in DESCRIPTION.
  Please add one, modifying
    Authors@R: c(person(given = "Ching-Shih",
                        family = "Tsou",
                        role = "aut",
                        email = "cstsou@mail.ntcb.edu.tw",
                        comment = "Vince"),
                 person(given = "Ming-Chang",
                        family = "Lee",
                        role = "cre",
                        email = "alan9956@ydu.edu.tw",
                        comment = "Alan"))
  as necessary.
Flavors: r-devel-linux-x86_64-debian-clang, r-devel-linux-x86_64-debian-gcc