Last updated on 2025-10-30 05:51:18 CET.
| Flavor | Version | Tinstall | Tcheck | Ttotal | Status | Flags | 
|---|---|---|---|---|---|---|
| r-devel-linux-x86_64-debian-clang | 1.2-0 | 1.62 | 18.11 | 19.73 | NOTE | |
| r-devel-linux-x86_64-debian-gcc | 1.2-0 | 1.30 | 15.17 | 16.47 | NOTE | |
| r-devel-linux-x86_64-fedora-clang | 1.2-0 | 28.53 | NOTE | |||
| r-devel-linux-x86_64-fedora-gcc | 1.2-0 | 28.54 | NOTE | |||
| r-devel-windows-x86_64 | 1.2-0 | 3.00 | 33.00 | 36.00 | NOTE | |
| r-patched-linux-x86_64 | 1.2-0 | 1.41 | 17.16 | 18.57 | NOTE | |
| r-release-linux-x86_64 | 1.2-0 | 1.56 | 16.95 | 18.51 | NOTE | |
| r-release-macos-arm64 | 1.2-0 | 1.00 | 15.00 | 16.00 | NOTE | |
| r-release-macos-x86_64 | 1.2-0 | 2.00 | 21.00 | 23.00 | NOTE | |
| r-release-windows-x86_64 | 1.2-0 | 2.00 | 36.00 | 38.00 | NOTE | |
| r-oldrel-macos-arm64 | 1.2-0 | 1.00 | 13.00 | 14.00 | NOTE | |
| r-oldrel-macos-x86_64 | 1.2-0 | 1.00 | 18.00 | 19.00 | NOTE | |
| r-oldrel-windows-x86_64 | 1.2-0 | 2.00 | 34.00 | 36.00 | NOTE | 
Version: 1.2-0
Check: CRAN incoming feasibility
Result: NOTE
  Maintainer: ‘David Allingham <David.Allingham@newcastle.edu.au>’
  
  No Authors@R field in DESCRIPTION.
  Please add one, modifying
    Authors@R: c(person(given = "David",
                        family = "Allingham",
                        role = c("aut", "cre"),
                        email = "david.allingham@newcastle.edu.au"),
                 person(given = "D.J.",
                        family = "Best",
                        role = "aut"))
  as necessary.
  
  Package CITATION file contains call(s) to old-style personList() or
  as.personList().  Please use c() on person objects instead.
  Package CITATION file contains call(s) to old-style citEntry().  Please
  use bibentry() instead.
Flavors: r-devel-linux-x86_64-debian-clang, r-devel-linux-x86_64-debian-gcc
Version: 1.2-0
Check: Rd files
Result: NOTE
  checkRd: (-1) nppbib.Rd:28: Escaped LaTeX specials: \#
Flavors: r-devel-linux-x86_64-debian-clang, r-devel-linux-x86_64-debian-gcc, r-devel-linux-x86_64-fedora-clang, r-devel-linux-x86_64-fedora-gcc, r-devel-windows-x86_64, r-patched-linux-x86_64, r-release-linux-x86_64, r-release-macos-arm64, r-release-macos-x86_64, r-release-windows-x86_64, r-oldrel-macos-arm64, r-oldrel-macos-x86_64, r-oldrel-windows-x86_64