Last updated on 2025-10-30 05:51:18 CET.
| Flavor | Version | Tinstall | Tcheck | Ttotal | Status | Flags | 
|---|---|---|---|---|---|---|
| r-devel-linux-x86_64-debian-clang | 1.0.2 | 3.90 | 23.85 | 27.75 | NOTE | |
| r-devel-linux-x86_64-debian-gcc | 1.0.2 | 2.91 | 19.33 | 22.24 | NOTE | |
| r-devel-linux-x86_64-fedora-clang | 1.0.2 | 40.62 | OK | |||
| r-devel-linux-x86_64-fedora-gcc | 1.0.2 | 40.21 | OK | |||
| r-devel-windows-x86_64 | 1.0.2 | 8.00 | 51.00 | 59.00 | OK | |
| r-patched-linux-x86_64 | 1.0.2 | 3.49 | 22.67 | 26.16 | OK | |
| r-release-linux-x86_64 | 1.0.2 | 3.65 | 22.81 | 26.46 | OK | |
| r-release-macos-arm64 | 1.0.2 | 3.00 | 17.00 | 20.00 | OK | |
| r-release-macos-x86_64 | 1.0.2 | 5.00 | 32.00 | 37.00 | OK | |
| r-release-windows-x86_64 | 1.0.2 | 7.00 | 56.00 | 63.00 | OK | |
| r-oldrel-macos-arm64 | 1.0.2 | 3.00 | 16.00 | 19.00 | OK | |
| r-oldrel-macos-x86_64 | 1.0.2 | 3.00 | 23.00 | 26.00 | OK | |
| r-oldrel-windows-x86_64 | 1.0.2 | 8.00 | 53.00 | 61.00 | OK | 
Version: 1.0.2
Check: CRAN incoming feasibility
Result: NOTE
  Maintainer: ‘Pierre Lafaye de Micheaux <lafaye@unsw.edu.au>’
  
  No Authors@R field in DESCRIPTION.
  Please add one, modifying
    Authors@R: c(person(given = "Pierre",
                        family = "Duchesne",
                        role = "aut"),
                 person(given = c("Pierre", "Lafaye"),
                        family = "de Micheaux",
                        role = c("aut", "cre"),
                        email = "lafaye@unsw.edu.au"))
  as necessary.
  
  Package CITATION file contains call(s) to old-style personList() or
  as.personList().  Please use c() on person objects instead.
  Package CITATION file contains call(s) to old-style citEntry().  Please
  use bibentry() instead.
Flavors: r-devel-linux-x86_64-debian-clang, r-devel-linux-x86_64-debian-gcc