Last updated on 2025-05-22 05:51:08 CEST.
Flavor | Version | Tinstall | Tcheck | Ttotal | Status | Flags |
---|---|---|---|---|---|---|
r-devel-linux-x86_64-debian-clang | 1.1 | 1.54 | 17.57 | 19.11 | NOTE | |
r-devel-linux-x86_64-debian-gcc | 1.1 | 1.50 | 14.23 | 15.73 | NOTE | |
r-devel-linux-x86_64-fedora-clang | 1.1 | 30.56 | OK | |||
r-devel-linux-x86_64-fedora-gcc | 1.1 | 29.39 | OK | |||
r-devel-windows-x86_64 | 1.1 | 3.00 | 52.00 | 55.00 | OK | |
r-patched-linux-x86_64 | 1.1 | 1.87 | 17.02 | 18.89 | OK | |
r-release-linux-x86_64 | 1.1 | 1.78 | 16.76 | 18.54 | OK | |
r-release-macos-arm64 | 1.1 | 16.00 | OK | |||
r-release-macos-x86_64 | 1.1 | 24.00 | OK | |||
r-release-windows-x86_64 | 1.1 | 3.00 | 66.00 | 69.00 | OK | |
r-oldrel-macos-arm64 | 1.1 | 14.00 | OK | |||
r-oldrel-macos-x86_64 | 1.1 | 28.00 | OK | |||
r-oldrel-windows-x86_64 | 1.1 | 4.00 | 41.00 | 45.00 | OK |
Version: 1.1
Check: CRAN incoming feasibility
Result: NOTE
Maintainer: ‘Carme Font <carme.font.moragon@gmail.com>’
No Authors@R field in DESCRIPTION.
Please add one, modifying
Authors@R: person(given = "Carme",
family = "Font",
role = c("aut", "cre"),
email = "carme.font.moragon@gmail.com")
as necessary.
Flavors: r-devel-linux-x86_64-debian-clang, r-devel-linux-x86_64-debian-gcc