Last updated on 2025-05-22 05:51:08 CEST.
Flavor | Version | Tinstall | Tcheck | Ttotal | Status | Flags |
---|---|---|---|---|---|---|
r-devel-linux-x86_64-debian-clang | 1.0.3 | 3.94 | 48.45 | 52.39 | NOTE | |
r-devel-linux-x86_64-debian-gcc | 1.0.3 | 2.89 | 34.22 | 37.11 | NOTE | |
r-devel-linux-x86_64-fedora-clang | 1.0.3 | 81.04 | OK | |||
r-devel-linux-x86_64-fedora-gcc | 1.0.3 | 76.68 | OK | |||
r-devel-windows-x86_64 | 1.0.3 | 6.00 | 90.00 | 96.00 | OK | |
r-patched-linux-x86_64 | 1.0.3 | 5.22 | 44.67 | 49.89 | OK | |
r-release-linux-x86_64 | 1.0.3 | 4.21 | 44.69 | 48.90 | OK | |
r-release-macos-arm64 | 1.0.3 | 27.00 | OK | |||
r-release-macos-x86_64 | 1.0.3 | 42.00 | OK | |||
r-release-windows-x86_64 | 1.0.3 | 6.00 | 105.00 | 111.00 | OK | |
r-oldrel-macos-arm64 | 1.0.3 | 24.00 | OK | |||
r-oldrel-macos-x86_64 | 1.0.3 | 38.00 | OK | |||
r-oldrel-windows-x86_64 | 1.0.3 | 7.00 | 87.00 | 94.00 | OK |
Version: 1.0.3
Check: CRAN incoming feasibility
Result: NOTE
Maintainer: ‘Antonio Gasparrini <antonio.gasparrini@lshtm.ac.uk>’
No Authors@R field in DESCRIPTION.
Please add one, modifying
Authors@R: person(given = "Antonio",
family = "Gasparrini",
role = c("aut", "cre"),
email = "antonio.gasparrini@lshtm.ac.uk")
as necessary.
Package CITATION file contains call(s) to old-style personList() or
as.personList(). Please use c() on person objects instead.
Package CITATION file contains call(s) to old-style citEntry(). Please
use bibentry() instead.
Flavors: r-devel-linux-x86_64-debian-clang, r-devel-linux-x86_64-debian-gcc