CRAN Package Check Results for Package multiselect

Last updated on 2025-05-23 05:52:33 CEST.

Flavor Version Tinstall Tcheck Ttotal Status Flags
r-devel-linux-x86_64-debian-clang 0.1.0 1.96 20.68 22.64 NOTE
r-devel-linux-x86_64-debian-gcc 0.1.0 1.50 16.23 17.73 NOTE
r-devel-linux-x86_64-fedora-clang 0.1.0 36.32 OK
r-devel-linux-x86_64-fedora-gcc 0.1.0 34.27 OK
r-devel-windows-x86_64 0.1.0 3.00 70.00 73.00 OK
r-patched-linux-x86_64 0.1.0 1.82 20.21 22.03 OK
r-release-linux-x86_64 0.1.0 2.01 20.10 22.11 OK
r-release-macos-arm64 0.1.0 18.00 OK
r-release-macos-x86_64 0.1.0 27.00 OK
r-release-windows-x86_64 0.1.0 3.00 57.00 60.00 OK
r-oldrel-macos-arm64 0.1.0 16.00 NOTE
r-oldrel-macos-x86_64 0.1.0 22.00 NOTE
r-oldrel-windows-x86_64 0.1.0 4.00 45.00 49.00 NOTE

Check Details

Version: 0.1.0
Check: CRAN incoming feasibility
Result: NOTE Maintainer: ‘Allison Meisner <allison.meisner@gmail.com>’ No Authors@R field in DESCRIPTION. Please add one, modifying Authors@R: person(given = "Allison", family = "Meisner", role = c("aut", "cre"), email = "allison.meisner@gmail.com") as necessary. Flavors: r-devel-linux-x86_64-debian-clang, r-devel-linux-x86_64-debian-gcc

Version: 0.1.0
Check: LazyData
Result: NOTE 'LazyData' is specified without a 'data' directory Flavors: r-oldrel-macos-arm64, r-oldrel-macos-x86_64, r-oldrel-windows-x86_64