Last updated on 2025-05-22 05:51:07 CEST.
Flavor | Version | Tinstall | Tcheck | Ttotal | Status | Flags |
---|---|---|---|---|---|---|
r-devel-linux-x86_64-debian-clang | 0.6.3 | 2.15 | 26.59 | 28.74 | NOTE | |
r-devel-linux-x86_64-debian-gcc | 0.6.3 | 1.55 | 21.56 | 23.11 | NOTE | |
r-devel-linux-x86_64-fedora-clang | 0.6.3 | 43.49 | OK | |||
r-devel-linux-x86_64-fedora-gcc | 0.6.3 | 40.93 | OK | |||
r-devel-windows-x86_64 | 0.6.3 | 4.00 | 74.00 | 78.00 | NOTE | |
r-patched-linux-x86_64 | 0.6.3 | 2.01 | 24.56 | 26.57 | NOTE | |
r-release-linux-x86_64 | 0.6.3 | 2.01 | 24.87 | 26.88 | NOTE | |
r-release-macos-arm64 | 0.6.3 | 27.00 | OK | |||
r-release-macos-x86_64 | 0.6.3 | 33.00 | OK | |||
r-release-windows-x86_64 | 0.6.3 | 5.00 | 83.00 | 88.00 | NOTE | |
r-oldrel-macos-arm64 | 0.6.3 | 19.00 | OK | |||
r-oldrel-macos-x86_64 | 0.6.3 | 27.00 | OK | |||
r-oldrel-windows-x86_64 | 0.6.3 | 4.00 | 63.00 | 67.00 | OK |
Version: 0.6.3
Check: Rd cross-references
Result: NOTE
Found the following Rd file(s) with Rd \link{} targets missing package
anchors:
ms_list_voices.Rd: GET
ms_synthesize.Rd: POST
Please provide package anchors for all Rd \link{} targets not in the
package itself and the base packages.
Flavors: r-devel-linux-x86_64-debian-clang, r-devel-linux-x86_64-debian-gcc, r-devel-windows-x86_64, r-patched-linux-x86_64, r-release-linux-x86_64, r-release-windows-x86_64