Last updated on 2025-05-22 05:51:07 CEST.
Flavor | Version | Tinstall | Tcheck | Ttotal | Status | Flags |
---|---|---|---|---|---|---|
r-devel-linux-x86_64-debian-clang | 1.5.2 | 100.90 | 134.51 | 235.41 | OK | |
r-devel-linux-x86_64-debian-gcc | 1.5.2 | 72.20 | 90.89 | 163.09 | OK | |
r-devel-linux-x86_64-fedora-clang | 1.5.2 | 415.40 | OK | |||
r-devel-linux-x86_64-fedora-gcc | 1.5.2 | 406.77 | OK | |||
r-devel-windows-x86_64 | 1.5.2 | 138.00 | 222.00 | 360.00 | OK | |
r-patched-linux-x86_64 | 1.5.2 | 100.81 | 126.16 | 226.97 | OK | |
r-release-linux-x86_64 | 1.5.2 | 99.07 | 126.39 | 225.46 | OK | |
r-release-macos-arm64 | 1.5.2 | 108.00 | OK | |||
r-release-macos-x86_64 | 1.5.2 | 156.00 | OK | |||
r-release-windows-x86_64 | 1.5.2 | 138.00 | 245.00 | 383.00 | OK | |
r-oldrel-macos-arm64 | 1.5.2 | 88.00 | NOTE | |||
r-oldrel-macos-x86_64 | 1.5.2 | 147.00 | NOTE | |||
r-oldrel-windows-x86_64 | 1.5.2 | 156.00 | 229.00 | 385.00 | OK |
Version: 1.5.2
Check: installed package size
Result: NOTE
installed size is 7.4Mb
sub-directories of 1Mb or more:
libs 5.4Mb
Flavors: r-oldrel-macos-arm64, r-oldrel-macos-x86_64