Last updated on 2025-05-22 05:51:07 CEST.
Flavor | Version | Tinstall | Tcheck | Ttotal | Status | Flags |
---|---|---|---|---|---|---|
r-devel-linux-x86_64-debian-clang | 0.1.8 | 123.72 | 31.23 | 154.95 | OK | |
r-devel-linux-x86_64-debian-gcc | 0.1.8 | 88.56 | 24.09 | 112.65 | OK | |
r-devel-linux-x86_64-fedora-clang | 0.1.8 | 336.14 | OK | |||
r-devel-linux-x86_64-fedora-gcc | 0.1.8 | 322.11 | OK | |||
r-devel-windows-x86_64 | 0.1.8 | 134.00 | 101.00 | 235.00 | OK | |
r-patched-linux-x86_64 | 0.1.8 | 125.68 | 29.14 | 154.82 | OK | |
r-release-linux-x86_64 | 0.1.8 | 121.72 | 29.53 | 151.25 | OK | |
r-release-macos-arm64 | 0.1.8 | 60.00 | OK | |||
r-release-macos-x86_64 | 0.1.8 | 77.00 | OK | |||
r-release-windows-x86_64 | 0.1.8 | 133.00 | 124.00 | 257.00 | OK | |
r-oldrel-macos-arm64 | 0.1.8 | 63.00 | NOTE | |||
r-oldrel-macos-x86_64 | 0.1.8 | 72.00 | NOTE | |||
r-oldrel-windows-x86_64 | 0.1.7 | 155.00 | 83.00 | 238.00 | OK |
Version: 0.1.8
Check: installed package size
Result: NOTE
installed size is 7.1Mb
sub-directories of 1Mb or more:
libs 7.0Mb
Flavors: r-oldrel-macos-arm64, r-oldrel-macos-x86_64