Last updated on 2025-05-22 05:51:07 CEST.
Flavor | Version | Tinstall | Tcheck | Ttotal | Status | Flags |
---|---|---|---|---|---|---|
r-devel-linux-x86_64-debian-clang | 1.0-4 | 4.00 | 25.16 | 29.16 | NOTE | |
r-devel-linux-x86_64-debian-gcc | 1.0-4 | 3.13 | 19.35 | 22.48 | NOTE | |
r-devel-linux-x86_64-fedora-clang | 1.0-4 | 43.79 | OK | |||
r-devel-linux-x86_64-fedora-gcc | 1.0-4 | 43.25 | OK | |||
r-devel-windows-x86_64 | 1.0-4 | 9.00 | 78.00 | 87.00 | OK | |
r-patched-linux-x86_64 | 1.0-4 | 4.44 | 23.41 | 27.85 | OK | |
r-release-linux-x86_64 | 1.0-4 | 3.86 | 23.58 | 27.44 | OK | |
r-release-macos-arm64 | 1.0-4 | 20.00 | OK | |||
r-release-macos-x86_64 | 1.0-4 | 45.00 | OK | |||
r-release-windows-x86_64 | 1.0-4 | 7.00 | 107.00 | 114.00 | OK | |
r-oldrel-macos-arm64 | 1.0-4 | 19.00 | OK | |||
r-oldrel-macos-x86_64 | 1.0-4 | 38.00 | OK | |||
r-oldrel-windows-x86_64 | 1.0-4 | 7.00 | 58.00 | 65.00 | OK |
Version: 1.0-4
Check: CRAN incoming feasibility
Result: NOTE
Maintainer: ‘Georgios Papageorgiou <gpapageo@gmail.com>’
Package CITATION file contains call(s) to old-style personList() or
as.personList(). Please use c() on person objects instead.
Package CITATION file contains call(s) to old-style citEntry(). Please
use bibentry() instead.
Flavors: r-devel-linux-x86_64-debian-clang, r-devel-linux-x86_64-debian-gcc