Last updated on 2025-05-23 05:52:32 CEST.
Flavor | Version | Tinstall | Tcheck | Ttotal | Status | Flags |
---|---|---|---|---|---|---|
r-devel-linux-x86_64-debian-clang | 0.4-5 | 16.08 | 169.39 | 185.47 | NOTE | |
r-devel-linux-x86_64-debian-gcc | 0.4-5 | 10.78 | 114.01 | 124.79 | NOTE | |
r-devel-linux-x86_64-fedora-clang | 0.4-5 | 283.45 | OK | |||
r-devel-linux-x86_64-fedora-gcc | 0.4-5 | 279.25 | OK | |||
r-devel-windows-x86_64 | 0.4-5 | 14.00 | 170.00 | 184.00 | OK | |
r-patched-linux-x86_64 | 0.4-5 | 17.19 | 152.93 | 170.12 | OK | |
r-release-linux-x86_64 | 0.4-5 | 13.89 | 154.71 | 168.60 | OK | |
r-release-macos-arm64 | 0.4-5 | 84.00 | OK | |||
r-release-macos-x86_64 | 0.4-5 | 157.00 | OK | |||
r-release-windows-x86_64 | 0.4-5 | 14.00 | 189.00 | 203.00 | OK | |
r-oldrel-macos-arm64 | 0.4-5 | 83.00 | OK | |||
r-oldrel-macos-x86_64 | 0.4-5 | 122.00 | OK | |||
r-oldrel-windows-x86_64 | 0.4-5 | 20.00 | 218.00 | 238.00 | OK |
Version: 0.4-5
Check: CRAN incoming feasibility
Result: NOTE
Maintainer: ‘Simon Grund <simon.grund@uni-hamburg.de>’
No Authors@R field in DESCRIPTION.
Please add one, modifying
Authors@R: c(person(given = "Simon",
family = "Grund",
role = c("aut", "cre"),
email = "simon.grund@uni-hamburg.de"),
person(given = "Alexander",
family = "Robitzsch",
role = "aut"),
person(given = "Oliver",
family = "Luedtke",
role = "aut"))
as necessary.
Flavors: r-devel-linux-x86_64-debian-clang, r-devel-linux-x86_64-debian-gcc