Last updated on 2025-05-22 05:51:07 CEST.
Flavor | Version | Tinstall | Tcheck | Ttotal | Status | Flags |
---|---|---|---|---|---|---|
r-devel-linux-x86_64-debian-clang | 1.0.5 | 82.77 | 404.59 | 487.36 | OK | |
r-devel-linux-x86_64-debian-gcc | 1.0.5 | 63.10 | 312.04 | 375.14 | ERROR | |
r-devel-linux-x86_64-fedora-clang | 1.0.5 | 804.60 | OK | |||
r-devel-linux-x86_64-fedora-gcc | 1.0.5 | 804.76 | OK | |||
r-devel-windows-x86_64 | 1.0.5 | 96.00 | 484.00 | 580.00 | OK | |
r-patched-linux-x86_64 | 1.0.5 | 82.06 | 399.40 | 481.46 | OK | |
r-release-linux-x86_64 | 1.0.5 | 81.67 | 397.04 | 478.71 | OK | |
r-release-macos-arm64 | 1.0.5 | 171.00 | OK | |||
r-release-macos-x86_64 | 1.0.5 | 215.00 | OK | |||
r-release-windows-x86_64 | 1.0.5 | 96.00 | 498.00 | 594.00 | OK | |
r-oldrel-macos-arm64 | 1.0.5 | 166.00 | NOTE | |||
r-oldrel-macos-x86_64 | 1.0.5 | 281.00 | NOTE | |||
r-oldrel-windows-x86_64 | 1.0.5 | 117.00 | 438.00 | 555.00 | OK |
Version: 1.0.5
Check: tests
Result: ERROR
Running ‘spelling.R’ [0s/0s]
Running ‘testthat.R’ [80s/84s]
Running the tests in ‘tests/testthat.R’ failed.
Complete output:
> library(testthat)
> library(missSBM)
>
> test_check("missSBM")
Adjusting Variational EM for Stochastic Block Model
Dyads are distributed according to a 'undirected' SBM.
Imputation assumes a 'covar-dyad' network-sampling process
iteration #: 2
iteration #: 3
Adjusting Variational EM for Stochastic Block Model
Dyads are distributed according to a 'undirected' SBM.
Imputation assumes a 'dyad' network-sampling process
iteration #: 2
iteration #: 3
Adjusting Variational EM for Stochastic Block Model
Dyads are distributed according to a 'undirected' SBM.
Imputation assumes a 'covar-node' network-sampling process
iteration #: 2
iteration #: 3
Adjusting Variational EM for Stochastic Block Model
Dyads are distributed according to a 'undirected' SBM.
Imputation assumes a 'node' network-sampling process
iteration #: 2
iteration #: 3
Tested sampling:
- dyad
- node
- double-standard
- block-node
- block-dyad
Adjusting Variational EM for Stochastic Block Model
Imputation assumes a 'dyad' network-sampling process
Initialization of 3 model(s).
Tested sampling:
- dyad
- node
- double-standard
- block-node
- block-dyadTested sampling:
- dyad
- node
- double-standard
- block-node
- block-dyad
sampling: dyad new better on connectivity
node
double-standard
block-node new better on mixture
Adjusting Variational EM for Stochastic Block Model
iteration #: 2
iteration #: 3
iteration #: 4
iteration #: 5
iteration #: 6
iteration #: 7
iteration #: 8
iteration #: 9
iteration #: 10
iteration #: 11
iteration #: 12
iteration #: 13
iteration #: 14
iteration #: 15
iteration #: 16
iteration #: 17
iteration #: 18
iteration #: 19
iteration #: 20
iteration #: 21
iteration #: 22
iteration #: 23
iteration #: 24
iteration #: 25
iteration #: 26
iteration #: 27
iteration #: 28
Adjusting Variational EM for Stochastic Block Model
Dyads are distributed according to a 'undirected' SBM.
Imputation assumes a 'node' network-sampling process
iteration #: 2
iteration #: 3
iteration #: 4
iteration #: 5
iteration #: 6
iteration #: 7
iteration #: 8
iteration #: 9
iteration #: 10
iteration #: 11
iteration #: 12
iteration #: 13
iteration #: 14
iteration #: 15
iteration #: 16
iteration #: 17
iteration #: 18
iteration #: 19
iteration #: 20
iteration #: 21
iteration #: 22
iteration #: 23
iteration #: 24
iteration #: 25
iteration #: 26
iteration #: 27
iteration #: 28
Adjusting Variational EM for Stochastic Block Model
Imputation assumes a 'node' network-sampling process
Initialization of 1 model(s).
Performing VEM inference
Model with 3 blocks.
Adjusting Variational EM for Stochastic Block Model
iteration #: 2
iteration #: 3
[ FAIL 5 | WARN 2 | SKIP 0 | PASS 398 ]
══ Failed tests ════════════════════════════════════════════════════════════════
── Failure ('test-MISSSBM-fit-without-covariate.R:51:7'): missSBM-fit works and is consistent for all samplings ──
error(...) is not strictly less than `tol_truth`. Difference: 0.0132
── Failure ('test-MISSSBM-fit-without-covariate.R:51:7'): missSBM-fit works and is consistent for all samplings ──
error(...) is not strictly less than `tol_truth`. Difference: 0.0069
── Failure ('test-MISSSBM-fit-without-covariate.R:51:7'): missSBM-fit works and is consistent for all samplings ──
error(...) is not strictly less than `tol_truth`. Difference: 0.00571
── Failure ('test-MISSSBM-fit-without-covariate.R:51:7'): missSBM-fit works and is consistent for all samplings ──
error(...) is not strictly less than `tol_truth`. Difference: 0.0167
── Failure ('test-MISSSBM-fit-without-covariate.R:51:7'): missSBM-fit works and is consistent for all samplings ──
error(...) is not strictly less than `tol_truth`. Difference: 0.00571
[ FAIL 5 | WARN 2 | SKIP 0 | PASS 398 ]
Error: Test failures
Execution halted
Flavor: r-devel-linux-x86_64-debian-gcc
Version: 1.0.5
Check: installed package size
Result: NOTE
installed size is 7.0Mb
sub-directories of 1Mb or more:
libs 4.9Mb
Flavors: r-oldrel-macos-arm64, r-oldrel-macos-x86_64