Last updated on 2025-05-22 05:51:07 CEST.
Flavor | Version | Tinstall | Tcheck | Ttotal | Status | Flags |
---|---|---|---|---|---|---|
r-devel-linux-x86_64-debian-clang | 3.17-44 | 105.54 | 177.15 | 282.69 | NOTE | |
r-devel-linux-x86_64-debian-gcc | 3.17-44 | 76.17 | 118.01 | 194.18 | NOTE | |
r-devel-linux-x86_64-fedora-clang | 3.17-44 | 516.39 | OK | |||
r-devel-linux-x86_64-fedora-gcc | 3.17-44 | 493.26 | OK | |||
r-devel-windows-x86_64 | 3.17-44 | 124.00 | 246.00 | 370.00 | OK | |
r-patched-linux-x86_64 | 3.17-44 | 108.82 | 161.72 | 270.54 | OK | |
r-release-linux-x86_64 | 3.17-44 | 107.60 | 161.20 | 268.80 | OK | |
r-release-macos-arm64 | 3.17-44 | 108.00 | OK | |||
r-release-macos-x86_64 | 3.17-44 | 173.00 | OK | |||
r-release-windows-x86_64 | 3.17-44 | 123.00 | 258.00 | 381.00 | OK | |
r-oldrel-macos-arm64 | 3.17-44 | 113.00 | NOTE | |||
r-oldrel-macos-x86_64 | 3.17-44 | 152.00 | NOTE | |||
r-oldrel-windows-x86_64 | 3.17-44 | 149.00 | 276.00 | 425.00 | OK |
Version: 3.17-44
Check: CRAN incoming feasibility
Result: NOTE
Maintainer: ‘Alexander Robitzsch <robitzsch@ipn.uni-kiel.de>’
No Authors@R field in DESCRIPTION.
Please add one, modifying
Authors@R: c(person(given = "Alexander",
family = "Robitzsch",
role = c("aut", "cre"),
email = "robitzsch@ipn.uni-kiel.de",
comment = c(ORCID = "0000-0002-8226-3132")),
person(given = "Simon",
family = "Grund",
role = "aut",
comment = c(ORCID = "0000-0002-1290-8986")),
person(given = "Thorsten",
family = "Henke",
role = "ctb"))
as necessary.
Flavors: r-devel-linux-x86_64-debian-clang, r-devel-linux-x86_64-debian-gcc
Version: 3.17-44
Check: installed package size
Result: NOTE
installed size is 7.3Mb
sub-directories of 1Mb or more:
libs 5.6Mb
Flavors: r-oldrel-macos-arm64, r-oldrel-macos-x86_64