Last updated on 2025-05-22 05:51:07 CEST.
Flavor | Version | Tinstall | Tcheck | Ttotal | Status | Flags |
---|---|---|---|---|---|---|
r-devel-linux-x86_64-debian-clang | 0.2.0 | 4.13 | 61.34 | 65.47 | NOTE | |
r-devel-linux-x86_64-debian-gcc | 0.2.0 | 2.62 | 47.27 | 49.89 | NOTE | |
r-devel-linux-x86_64-fedora-clang | 0.2.0 | 108.36 | NOTE | |||
r-devel-linux-x86_64-fedora-gcc | 0.2.0 | 114.35 | NOTE | |||
r-devel-windows-x86_64 | 0.2.0 | 7.00 | 78.00 | 85.00 | NOTE | |
r-patched-linux-x86_64 | 0.2.0 | 4.07 | 60.87 | 64.94 | NOTE | |
r-release-linux-x86_64 | 0.2.0 | 3.52 | 56.83 | 60.35 | NOTE | |
r-release-macos-arm64 | 0.2.0 | 44.00 | NOTE | |||
r-release-macos-x86_64 | 0.2.0 | 85.00 | NOTE | |||
r-release-windows-x86_64 | 0.2.0 | 7.00 | 79.00 | 86.00 | NOTE | |
r-oldrel-macos-arm64 | 0.2.0 | 49.00 | OK | |||
r-oldrel-macos-x86_64 | 0.2.0 | 74.00 | OK | |||
r-oldrel-windows-x86_64 | 0.2.0 | 7.00 | 90.00 | 97.00 | OK |
Version: 0.2.0
Check: DESCRIPTION meta-information
Result: NOTE
Missing dependency on R >= 4.1.0 because package code uses the pipe
|> or function shorthand \(...) syntax added in R 4.1.0.
File(s) using such syntax:
‘aemet_helpers.R’ ‘meteocat_helpers.R’ ‘meteoclimatic_helpers.R’
‘meteogalicia_helpers.R’ ‘ria_helpers.R’ ‘utils.R’
Flavors: r-devel-linux-x86_64-debian-clang, r-devel-linux-x86_64-debian-gcc, r-devel-linux-x86_64-fedora-clang, r-devel-linux-x86_64-fedora-gcc, r-devel-windows-x86_64, r-patched-linux-x86_64, r-release-linux-x86_64, r-release-macos-arm64, r-release-macos-x86_64, r-release-windows-x86_64