Last updated on 2025-05-23 05:52:32 CEST.
Flavor | Version | Tinstall | Tcheck | Ttotal | Status | Flags |
---|---|---|---|---|---|---|
r-devel-linux-x86_64-debian-clang | 0.1.3 | 19.05 | 22.78 | 41.83 | OK | |
r-devel-linux-x86_64-debian-gcc | 0.1.3 | 14.50 | 19.12 | 33.62 | OK | |
r-devel-linux-x86_64-fedora-clang | 0.1.3 | 75.72 | OK | |||
r-devel-linux-x86_64-fedora-gcc | 0.1.3 | 81.47 | OK | |||
r-devel-windows-x86_64 | 0.1.3 | 24.00 | 95.00 | 119.00 | OK | |
r-patched-linux-x86_64 | 0.1.3 | 20.38 | 20.95 | 41.33 | OK | |
r-release-linux-x86_64 | 0.1.3 | 20.24 | 21.06 | 41.30 | OK | |
r-release-macos-arm64 | 0.1.3 | 33.00 | OK | |||
r-release-macos-x86_64 | 0.1.3 | 33.00 | OK | |||
r-release-windows-x86_64 | 0.1.3 | 25.00 | 96.00 | 121.00 | OK | |
r-oldrel-macos-arm64 | 0.1.3 | 23.00 | NOTE | |||
r-oldrel-macos-x86_64 | 0.1.3 | 29.00 | NOTE | |||
r-oldrel-windows-x86_64 | 0.1.3 | 21.00 | 69.00 | 90.00 | NOTE |
Version: 0.1.3
Check: LazyData
Result: NOTE
'LazyData' is specified without a 'data' directory
Flavors: r-oldrel-macos-arm64, r-oldrel-macos-x86_64, r-oldrel-windows-x86_64