Last updated on 2025-05-22 05:51:06 CEST.
Flavor | Version | Tinstall | Tcheck | Ttotal | Status | Flags |
---|---|---|---|---|---|---|
r-devel-linux-x86_64-debian-clang | 0.2-4 | 9.20 | 165.18 | 174.38 | NOTE | |
r-devel-linux-x86_64-debian-gcc | 0.2-4 | 6.64 | 121.17 | 127.81 | NOTE | |
r-devel-linux-x86_64-fedora-clang | 0.2-4 | 275.46 | OK | |||
r-devel-linux-x86_64-fedora-gcc | 0.2-4 | 278.01 | OK | |||
r-devel-windows-x86_64 | 0.2-4 | 12.00 | 215.00 | 227.00 | NOTE | |
r-patched-linux-x86_64 | 0.2-4 | 10.50 | 160.18 | 170.68 | NOTE | |
r-release-linux-x86_64 | 0.2-4 | 8.38 | 162.24 | 170.62 | NOTE | |
r-release-macos-arm64 | 0.2-4 | 86.00 | OK | |||
r-release-macos-x86_64 | 0.2-4 | 169.00 | OK | |||
r-release-windows-x86_64 | 0.2-4 | 11.00 | 220.00 | 231.00 | NOTE | |
r-oldrel-macos-arm64 | 0.2-4 | 85.00 | OK | |||
r-oldrel-macos-x86_64 | 0.2-4 | 123.00 | OK | |||
r-oldrel-windows-x86_64 | 0.2-4 | 13.00 | 253.00 | 266.00 | OK |
Version: 0.2-4
Check: Rd cross-references
Result: NOTE
Found the following Rd file(s) with Rd \link{} targets missing package
anchors:
bread.glmerMod.Rd: glmerMod-class
bread.lmerMod.Rd: lmerMod-class
estfun.glmerMod.Rd: glmerMod-class
estfun.lmerMod.Rd: lmerMod-class
llcont.glmerMod.Rd: glmerMod-class
llcont.lmerMod.Rd: lmerMod-class
vcov.glmerMod.Rd: glmerMod-class
vcov.lmerMod.Rd: lmerMod-class
Please provide package anchors for all Rd \link{} targets not in the
package itself and the base packages.
Flavors: r-devel-linux-x86_64-debian-clang, r-devel-linux-x86_64-debian-gcc, r-devel-windows-x86_64, r-patched-linux-x86_64, r-release-linux-x86_64, r-release-windows-x86_64