CRAN Package Check Results for Package mc.heterogeneity

Last updated on 2025-05-22 05:51:06 CEST.

Flavor Version Tinstall Tcheck Ttotal Status Flags
r-devel-linux-x86_64-debian-clang 0.1.2 6.63 61.49 68.12 NOTE
r-devel-linux-x86_64-debian-gcc 0.1.2 4.18 47.23 51.41 NOTE
r-devel-linux-x86_64-fedora-clang 0.1.2 105.19 NOTE
r-devel-linux-x86_64-fedora-gcc 0.1.2 114.85 NOTE
r-devel-windows-x86_64 0.1.2 8.00 90.00 98.00 NOTE
r-patched-linux-x86_64 0.1.2 6.73 58.91 65.64 NOTE
r-release-linux-x86_64 0.1.2 6.90 58.88 65.78 NOTE
r-release-macos-arm64 0.1.2 48.00 NOTE
r-release-macos-x86_64 0.1.2 96.00 NOTE
r-release-windows-x86_64 0.1.2 9.00 98.00 107.00 NOTE
r-oldrel-macos-arm64 0.1.2 38.00 NOTE
r-oldrel-macos-x86_64 0.1.2 87.00 NOTE
r-oldrel-windows-x86_64 0.1.2 10.00 86.00 96.00 NOTE

Check Details

Version: 0.1.2
Check: Rd files
Result: NOTE checkRd: (-1) mc.lnOR.Rd:7: Escaped LaTeX specials: \& Flavors: r-devel-linux-x86_64-debian-clang, r-devel-linux-x86_64-debian-gcc, r-devel-linux-x86_64-fedora-clang, r-devel-linux-x86_64-fedora-gcc, r-devel-windows-x86_64, r-patched-linux-x86_64, r-release-linux-x86_64, r-release-macos-arm64, r-release-macos-x86_64, r-release-windows-x86_64, r-oldrel-macos-arm64, r-oldrel-macos-x86_64, r-oldrel-windows-x86_64

Version: 0.1.2
Check: dependencies in R code
Result: NOTE Namespace in Imports field not imported from: ‘boot.heterogeneity’ All declared Imports should be used. Flavors: r-devel-linux-x86_64-fedora-clang, r-devel-linux-x86_64-fedora-gcc

Version: 0.1.2
Check: LazyData
Result: NOTE 'LazyData' is specified without a 'data' directory Flavors: r-oldrel-macos-arm64, r-oldrel-macos-x86_64, r-oldrel-windows-x86_64