CRAN Package Check Results for Package mall

Last updated on 2025-05-22 05:51:06 CEST.

Flavor Version Tinstall Tcheck Ttotal Status Flags
r-devel-linux-x86_64-debian-clang 0.1.0 4.92 42.54 47.46 NOTE
r-devel-linux-x86_64-debian-gcc 0.1.0 3.42 31.17 34.59 NOTE
r-devel-linux-x86_64-fedora-clang 0.1.0 74.16 NOTE
r-devel-linux-x86_64-fedora-gcc 0.1.0 68.13 NOTE
r-devel-windows-x86_64 0.1.0 8.00 78.00 86.00 NOTE
r-patched-linux-x86_64 0.1.0 4.18 39.31 43.49 NOTE
r-release-linux-x86_64 0.1.0 4.59 39.55 44.14 NOTE
r-release-macos-arm64 0.1.0 27.00 NOTE
r-release-macos-x86_64 0.1.0 39.00 NOTE
r-release-windows-x86_64 0.1.0 7.00 108.00 115.00 NOTE
r-oldrel-macos-arm64 0.1.0 25.00 OK
r-oldrel-macos-x86_64 0.1.0 40.00 OK
r-oldrel-windows-x86_64 0.1.0 8.00 73.00 81.00 OK

Check Details

Version: 0.1.0
Check: DESCRIPTION meta-information
Result: NOTE Missing dependency on R >= 4.1.0 because package code uses the pipe |> or function shorthand \(...) syntax added in R 4.1.0. File(s) using such syntax: ‘llm-extract.R’ ‘llm-use.R’ ‘llm_custom.Rd’ ‘m-backend-prompt.R’ ‘m-backend-submit.R’ ‘m-defaults.R’ ‘utils.R’ Flavors: r-devel-linux-x86_64-debian-clang, r-devel-linux-x86_64-debian-gcc, r-devel-linux-x86_64-fedora-clang, r-devel-linux-x86_64-fedora-gcc, r-devel-windows-x86_64, r-patched-linux-x86_64, r-release-linux-x86_64, r-release-macos-arm64, r-release-macos-x86_64, r-release-windows-x86_64