CRAN Package Check Results for Package maic

Last updated on 2025-05-22 05:51:06 CEST.

Flavor Version Tinstall Tcheck Ttotal Status Flags
r-devel-linux-x86_64-debian-clang 0.1.4 2.31 35.98 38.29 NOTE
r-devel-linux-x86_64-debian-gcc 0.1.4 1.96 27.42 29.38 NOTE
r-devel-linux-x86_64-fedora-clang 0.1.4 59.62 NOTE
r-devel-linux-x86_64-fedora-gcc 0.1.4 55.49 NOTE
r-devel-windows-x86_64 0.1.4 4.00 75.00 79.00 NOTE
r-patched-linux-x86_64 0.1.4 2.78 33.19 35.97 NOTE
r-release-linux-x86_64 0.1.4 1.64 33.05 34.69 NOTE
r-release-macos-arm64 0.1.4 21.00 NOTE
r-release-macos-x86_64 0.1.4 32.00 NOTE
r-release-windows-x86_64 0.1.4 5.00 103.00 108.00 NOTE
r-oldrel-macos-arm64 0.1.4 24.00 NOTE
r-oldrel-macos-x86_64 0.1.4 32.00 NOTE
r-oldrel-windows-x86_64 0.1.4 5.00 65.00 70.00 NOTE

Check Details

Version: 0.1.4
Check: package subdirectories
Result: NOTE Problems with news in ‘NEWS.md’: No news entries found. Flavors: r-devel-linux-x86_64-debian-clang, r-devel-linux-x86_64-debian-gcc, r-devel-linux-x86_64-fedora-clang, r-devel-linux-x86_64-fedora-gcc, r-devel-windows-x86_64, r-patched-linux-x86_64, r-release-linux-x86_64, r-release-macos-arm64, r-release-macos-x86_64, r-release-windows-x86_64, r-oldrel-macos-arm64, r-oldrel-macos-x86_64, r-oldrel-windows-x86_64

Version: 0.1.4
Check: Rd cross-references
Result: NOTE Found the following Rd file(s) with Rd \link{} targets missing package anchors: reportCovariates.Rd: wtd.var Please provide package anchors for all Rd \link{} targets not in the package itself and the base packages. Flavors: r-devel-linux-x86_64-debian-clang, r-devel-linux-x86_64-debian-gcc, r-devel-windows-x86_64, r-patched-linux-x86_64, r-release-linux-x86_64, r-release-windows-x86_64