Last updated on 2025-05-22 05:51:06 CEST.
Flavor | Version | Tinstall | Tcheck | Ttotal | Status | Flags |
---|---|---|---|---|---|---|
r-devel-linux-x86_64-debian-clang | 1.2.4 | 228.05 | 113.96 | 342.01 | NOTE | |
r-devel-linux-x86_64-debian-gcc | 1.2.4 | 173.92 | 82.11 | 256.03 | NOTE | |
r-devel-linux-x86_64-fedora-clang | 1.2.4 | 671.80 | OK | |||
r-devel-linux-x86_64-fedora-gcc | 1.2.4 | 732.40 | OK | |||
r-devel-windows-x86_64 | 1.2.4 | 262.00 | 203.00 | 465.00 | OK | |
r-patched-linux-x86_64 | 1.2.4 | 249.26 | 106.06 | 355.32 | OK | |
r-release-linux-x86_64 | 1.2.4 | 246.10 | 106.32 | 352.42 | OK | |
r-release-macos-arm64 | 1.2.4 | 199.00 | OK | |||
r-release-macos-x86_64 | 1.2.4 | 223.00 | OK | |||
r-release-windows-x86_64 | 1.2.4 | 264.00 | 239.00 | 503.00 | OK | |
r-oldrel-macos-arm64 | 1.2.4 | 159.00 | NOTE | |||
r-oldrel-macos-x86_64 | 1.2.4 | 269.00 | NOTE | |||
r-oldrel-windows-x86_64 | 1.2.4 | 307.00 | 202.00 | 509.00 | OK |
Version: 1.2.4
Check: DESCRIPTION meta-information
Result: NOTE
Author field differs from that derived from Authors@R
Author: ‘Shihao Yang [aut, cre] (<https://orcid.org/0000-0003-3910-4969>), Samuel W.K. Wong [aut] (<https://orcid.org/0000-0002-7325-7267>), S.C. Kou [ctb, cph] (Contributor of MAGI method development)’
Authors@R: ‘Shihao Yang [aut, cre] (ORCID: <https://orcid.org/0000-0003-3910-4969>), Samuel W.K. Wong [aut] (ORCID: <https://orcid.org/0000-0002-7325-7267>), S.C. Kou [ctb, cph] (role: Contributor of MAGI method development)’
Flavors: r-devel-linux-x86_64-debian-clang, r-devel-linux-x86_64-debian-gcc
Version: 1.2.4
Check: installed package size
Result: NOTE
installed size is 24.2Mb
sub-directories of 1Mb or more:
libs 22.8Mb
Flavors: r-oldrel-macos-arm64, r-oldrel-macos-x86_64