Last updated on 2025-10-29 05:50:16 CET.
| Flavor | Version | Tinstall | Tcheck | Ttotal | Status | Flags | 
|---|---|---|---|---|---|---|
| r-devel-linux-x86_64-debian-clang | 0.1-5 | 2.67 | 32.03 | 34.70 | NOTE | |
| r-devel-linux-x86_64-debian-gcc | 0.1-5 | 1.88 | 24.30 | 26.18 | NOTE | |
| r-devel-linux-x86_64-fedora-clang | 0.1-5 | 49.84 | OK | |||
| r-devel-linux-x86_64-fedora-gcc | 0.1-5 | 48.28 | OK | |||
| r-devel-windows-x86_64 | 0.1-5 | 3.00 | 59.00 | 62.00 | OK | |
| r-patched-linux-x86_64 | 0.1-5 | 2.80 | 30.02 | 32.82 | OK | |
| r-release-linux-x86_64 | 0.1-5 | 2.55 | 29.77 | 32.32 | OK | |
| r-release-macos-arm64 | 0.1-5 | 2.00 | 18.00 | 20.00 | OK | |
| r-release-macos-x86_64 | 0.1-5 | 2.00 | 29.00 | 31.00 | OK | |
| r-release-windows-x86_64 | 0.1-5 | 4.00 | 52.00 | 56.00 | OK | |
| r-oldrel-macos-arm64 | 0.1-5 | 2.00 | 23.00 | 25.00 | OK | |
| r-oldrel-macos-x86_64 | 0.1-5 | 2.00 | 27.00 | 29.00 | OK | |
| r-oldrel-windows-x86_64 | 0.1-5 | 6.00 | 64.00 | 70.00 | OK | 
Version: 0.1-5
Check: CRAN incoming feasibility
Result: NOTE
  Maintainer: ‘Mehmet Balcilar <mehmet@mbalcilar.net>’
  
  No Authors@R field in DESCRIPTION.
  Please add one, modifying
    Authors@R: person(given = "Mehmet",
                      family = "Balcilar",
                      role = c("aut", "cre"),
                      email = "mehmet@mbalcilar.net")
  as necessary.
Flavors: r-devel-linux-x86_64-debian-clang, r-devel-linux-x86_64-debian-gcc