Last updated on 2025-10-29 05:50:15 CET.
| Flavor | Version | Tinstall | Tcheck | Ttotal | Status | Flags | 
|---|---|---|---|---|---|---|
| r-devel-linux-x86_64-debian-clang | 0.3.2 | 9.17 | 55.15 | 64.32 | NOTE | |
| r-devel-linux-x86_64-debian-gcc | 0.3.2 | 7.15 | 38.58 | 45.73 | NOTE | |
| r-devel-linux-x86_64-fedora-clang | 0.3.2 | 19.00 | 85.62 | 104.62 | NOTE | |
| r-devel-linux-x86_64-fedora-gcc | 0.3.2 | 23.00 | 89.32 | 112.32 | NOTE | |
| r-devel-windows-x86_64 | 0.3.2 | 13.00 | 89.00 | 102.00 | NOTE | |
| r-patched-linux-x86_64 | 0.3.2 | 9.71 | 51.43 | 61.14 | NOTE | |
| r-release-linux-x86_64 | 0.3.2 | 10.35 | 51.20 | 61.55 | NOTE | |
| r-release-macos-arm64 | 0.3.2 | 6.00 | 36.00 | 42.00 | NOTE | |
| r-release-macos-x86_64 | 0.3.2 | 8.00 | 63.00 | 71.00 | NOTE | |
| r-release-windows-x86_64 | 0.3.2 | 13.00 | 91.00 | 104.00 | NOTE | |
| r-oldrel-macos-arm64 | 0.3.2 | 6.00 | 29.00 | 35.00 | NOTE | |
| r-oldrel-macos-x86_64 | 0.3.2 | 7.00 | 51.00 | 58.00 | NOTE | |
| r-oldrel-windows-x86_64 | 0.3.2 | 15.00 | 113.00 | 128.00 | NOTE | 
Version: 0.3.2
Check: CRAN incoming feasibility
Result: NOTE
  Maintainer: ‘Andrew Thomas Jones <andrewthomasjones@gmail.com>’
  
  No Authors@R field in DESCRIPTION.
  Please add one, modifying
    Authors@R: c(person(given = c("Hien", "D."),
                        family = "Nguyen",
                        role = "aut"),
                 person(given = c("Andrew", "T."),
                        family = "Jones",
                        role = "aut"),
                 person(given = c("Geoffrey", "J."),
                        family = "McLachlan",
                        role = "aut"),
                 person(given = c("Andrew", "Thomas"),
                        family = "Jones",
                        role = "cre",
                        email = "andrewthomasjones@gmail.com"))
  as necessary.
Flavors: r-devel-linux-x86_64-debian-clang, r-devel-linux-x86_64-debian-gcc
Version: 0.3.2
Check: C++ specification
Result: NOTE
    Specified C++11: please drop specification unless essential
Flavors: r-devel-linux-x86_64-debian-clang, r-devel-linux-x86_64-debian-gcc, r-devel-linux-x86_64-fedora-clang, r-devel-linux-x86_64-fedora-gcc, r-devel-windows-x86_64, r-patched-linux-x86_64, r-release-linux-x86_64, r-release-macos-arm64, r-release-macos-x86_64, r-release-windows-x86_64, r-oldrel-macos-arm64, r-oldrel-macos-x86_64, r-oldrel-windows-x86_64
Version: 0.3.2
Check: Rd files
Result: NOTE
  checkRd: (-1) logdensity.Rd:33: Lost braces; missing escapes or markup?
      33 | The function \code{logdensity} computes kernel density estimates (KDE) of strictly positive distributions by performing the KDE in the log domain and then transforming the result back again. The syntax and function structure is largely borrowed from the function \code{density} in package {stats}.
         |                                                                                                                                                                                                                                                                                                  ^
  checkRd: (-1) logdensity_fft.Rd:33: Lost braces; missing escapes or markup?
      33 | The function \code{logdensity_fft} computes kernel density estimates (KDE) of strictly positive distributions by performing the KDE via fast fourier transform utilizing the \code{fft} function. The syntax and function structure is largely borrowed from the function \code{density} in package {stats}.
         |                                                                                                                                                                                                                                                                                                     ^
Flavors: r-devel-linux-x86_64-debian-clang, r-devel-linux-x86_64-debian-gcc, r-devel-linux-x86_64-fedora-clang, r-devel-linux-x86_64-fedora-gcc, r-devel-windows-x86_64, r-patched-linux-x86_64, r-release-linux-x86_64, r-release-macos-arm64, r-release-macos-x86_64, r-release-windows-x86_64, r-oldrel-macos-arm64, r-oldrel-macos-x86_64, r-oldrel-windows-x86_64
Version: 0.3.2
Check: LazyData
Result: NOTE
    'LazyData' is specified without a 'data' directory
Flavors: r-oldrel-macos-arm64, r-oldrel-macos-x86_64, r-oldrel-windows-x86_64