Last updated on 2025-10-30 05:51:15 CET.
| Flavor | Version | Tinstall | Tcheck | Ttotal | Status | Flags | 
|---|---|---|---|---|---|---|
| r-devel-linux-x86_64-debian-clang | 2.9.8 | 106.85 | 55.61 | 162.46 | OK | |
| r-devel-linux-x86_64-debian-gcc | 2.9.8 | 63.97 | 41.13 | 105.10 | OK | |
| r-devel-linux-x86_64-fedora-clang | 2.9.8 | 284.00 | 47.91 | 331.91 | OK | |
| r-devel-linux-x86_64-fedora-gcc | 2.9.8 | 192.00 | 94.32 | 286.32 | OK | |
| r-devel-windows-x86_64 | 2.9.8 | 112.00 | 114.00 | 226.00 | OK | |
| r-patched-linux-x86_64 | 2.9.8 | 97.70 | 53.75 | 151.45 | OK | |
| r-release-linux-x86_64 | 2.9.8 | 98.67 | 53.65 | 152.32 | OK | |
| r-release-macos-arm64 | 2.9.8 | 35.00 | 36.00 | 71.00 | OK | |
| r-release-macos-x86_64 | 2.9.8 | 34.00 | 72.00 | 106.00 | OK | |
| r-release-windows-x86_64 | 2.9.8 | 123.00 | 120.00 | 243.00 | OK | |
| r-oldrel-macos-arm64 | 2.9.8 | 36.00 | 52.00 | 88.00 | OK | |
| r-oldrel-macos-x86_64 | 2.9.8 | 33.00 | 87.00 | 120.00 | NOTE | |
| r-oldrel-windows-x86_64 | 2.9.8 | 117.00 | 132.00 | 249.00 | OK | 
Version: 2.9.8
Check: installed package size
Result: NOTE
    installed size is  5.1Mb
    sub-directories of 1Mb or more:
      libs   4.7Mb
Flavor: r-oldrel-macos-x86_64