Last updated on 2025-05-22 05:51:05 CEST.
Flavor | Version | Tinstall | Tcheck | Ttotal | Status | Flags |
---|---|---|---|---|---|---|
r-devel-linux-x86_64-debian-clang | 0.3.2 | 2.03 | 35.01 | 37.04 | NOTE | |
r-devel-linux-x86_64-debian-gcc | 0.3.2 | 1.81 | 25.18 | 26.99 | NOTE | |
r-devel-linux-x86_64-fedora-clang | 0.3.2 | 61.16 | OK | |||
r-devel-linux-x86_64-fedora-gcc | 0.3.2 | 57.19 | OK | |||
r-devel-windows-x86_64 | 0.3.2 | 4.00 | 76.00 | 80.00 | OK | |
r-patched-linux-x86_64 | 0.3.2 | 2.59 | 33.25 | 35.84 | OK | |
r-release-linux-x86_64 | 0.3.2 | 2.35 | 33.13 | 35.48 | OK | |
r-release-macos-arm64 | 0.3.2 | 20.00 | OK | |||
r-release-macos-x86_64 | 0.3.2 | 34.00 | OK | |||
r-release-windows-x86_64 | 0.3.2 | 5.00 | 87.00 | 92.00 | OK | |
r-oldrel-macos-arm64 | 0.3.2 | 20.00 | OK | |||
r-oldrel-macos-x86_64 | 0.3.2 | 30.00 | OK | |||
r-oldrel-windows-x86_64 | 0.3.2 | 3.00 | 64.00 | 67.00 | OK |
Version: 0.3.2
Check: CRAN incoming feasibility
Result: NOTE
Maintainer: ‘Michael Buecker <michael.buecker@fh-muenster.de>’
No Authors@R field in DESCRIPTION.
Please add one, modifying
Authors@R: person(given = "Michael",
family = "Buecker",
role = c("aut", "cre"),
email = "michael.buecker@fh-muenster.de")
as necessary.
Flavors: r-devel-linux-x86_64-debian-clang, r-devel-linux-x86_64-debian-gcc