Last updated on 2025-05-22 05:51:05 CEST.
Flavor | Version | Tinstall | Tcheck | Ttotal | Status | Flags |
---|---|---|---|---|---|---|
r-devel-linux-x86_64-debian-clang | 1.1.2 | 8.46 | 83.02 | 91.48 | NOTE | |
r-devel-linux-x86_64-debian-gcc | 1.1.2 | 6.99 | 62.02 | 69.01 | NOTE | |
r-devel-linux-x86_64-fedora-clang | 1.1.2 | 142.44 | NOTE | |||
r-devel-linux-x86_64-fedora-gcc | 1.1.2 | 138.55 | NOTE | |||
r-devel-windows-x86_64 | 1.1.2 | 9.00 | 122.00 | 131.00 | NOTE | |
r-patched-linux-x86_64 | 1.1.2 | 9.59 | 80.24 | 89.83 | NOTE | |
r-release-linux-x86_64 | 1.1.2 | 6.93 | 80.18 | 87.11 | NOTE | |
r-release-macos-arm64 | 1.1.2 | 54.00 | NOTE | |||
r-release-macos-x86_64 | 1.1.2 | 126.00 | NOTE | |||
r-release-windows-x86_64 | 1.1.2 | 9.00 | 98.00 | 107.00 | NOTE | |
r-oldrel-macos-arm64 | 1.1.2 | 42.00 | NOTE | |||
r-oldrel-macos-x86_64 | 1.1.2 | 66.00 | NOTE | |||
r-oldrel-windows-x86_64 | 1.1.2 | 13.00 | 117.00 | 130.00 | NOTE |
Version: 1.1.2
Check: Rd files
Result: NOTE
checkRd: (-1) DOS.Rd:34: Lost braces; missing escapes or markup?
34 | Band-specific sensor $G_{rescale}$ (gain). Require either gain and offset or Grescale and Brescale to convert DN to radiance.
| ^
checkRd: (-1) DOS.Rd:37: Lost braces; missing escapes or markup?
37 | Band-specific sensor $B_{rescale}$ (bias). Require either gain and offset or Grescale and Brescale to convert DN to radiance.
| ^
Flavors: r-devel-linux-x86_64-debian-clang, r-devel-linux-x86_64-debian-gcc, r-devel-linux-x86_64-fedora-clang, r-devel-linux-x86_64-fedora-gcc, r-devel-windows-x86_64, r-patched-linux-x86_64, r-release-linux-x86_64, r-release-macos-arm64, r-release-macos-x86_64, r-release-windows-x86_64, r-oldrel-macos-arm64, r-oldrel-macos-x86_64, r-oldrel-windows-x86_64