Last updated on 2025-10-30 05:51:15 CET.
| Flavor | Version | Tinstall | Tcheck | Ttotal | Status | Flags | 
|---|---|---|---|---|---|---|
| r-devel-linux-x86_64-debian-clang | 0.1.6 | 23.44 | 28.19 | 51.63 | NOTE | |
| r-devel-linux-x86_64-debian-gcc | 0.1.6 | 14.02 | 22.41 | 36.43 | NOTE | |
| r-devel-linux-x86_64-fedora-clang | 0.1.6 | 125.00 | -32.51 | 92.49 | OK | |
| r-devel-linux-x86_64-fedora-gcc | 0.1.6 | 41.00 | 35.42 | 76.42 | OK | |
| r-devel-windows-x86_64 | 0.1.6 | 28.00 | 64.00 | 92.00 | OK | |
| r-patched-linux-x86_64 | 0.1.6 | 23.11 | 25.72 | 48.83 | OK | |
| r-release-linux-x86_64 | 0.1.6 | 20.39 | 26.24 | 46.63 | OK | |
| r-release-macos-arm64 | 0.1.6 | 9.00 | 17.00 | 26.00 | OK | |
| r-release-macos-x86_64 | 0.1.6 | 18.00 | 28.00 | 46.00 | OK | |
| r-release-windows-x86_64 | 0.1.6 | 28.00 | 62.00 | 90.00 | OK | |
| r-oldrel-macos-arm64 | 0.1.6 | 9.00 | 17.00 | 26.00 | NOTE | |
| r-oldrel-macos-x86_64 | 0.1.6 | 13.00 | 22.00 | 35.00 | NOTE | |
| r-oldrel-windows-x86_64 | 0.1.6 | 32.00 | 76.00 | 108.00 | NOTE | 
Version: 0.1.6
Check: CRAN incoming feasibility
Result: NOTE
  Maintainer: ‘Wenchuan Guo <wguo007@ucr.edu>’
  
  No Authors@R field in DESCRIPTION.
  Please add one, modifying
    Authors@R: c(person(given = "Wenchuan",
                        family = "Guo",
                        role = c("aut", "cre"),
                        email = "wguo007@ucr.edu"),
                 person(given = "Shujie",
                        family = "Ma",
                        role = "aut"),
                 person(given = "Zhenqiu",
                        family = "Liu",
                        role = "aut"))
  as necessary.
Flavors: r-devel-linux-x86_64-debian-clang, r-devel-linux-x86_64-debian-gcc
Version: 0.1.6
Check: LazyData
Result: NOTE
    'LazyData' is specified without a 'data' directory
Flavors: r-oldrel-macos-arm64, r-oldrel-macos-x86_64, r-oldrel-windows-x86_64