Last updated on 2025-10-30 05:51:14 CET.
| Flavor | Version | Tinstall | Tcheck | Ttotal | Status | Flags | 
|---|---|---|---|---|---|---|
| r-devel-linux-x86_64-debian-clang | 0.1.2 | 10.20 | 24.26 | 34.46 | NOTE | |
| r-devel-linux-x86_64-debian-gcc | 0.1.2 | 7.12 | 20.03 | 27.15 | NOTE | |
| r-devel-linux-x86_64-fedora-clang | 0.1.2 | 37.00 | 23.24 | 60.24 | OK | |
| r-devel-linux-x86_64-fedora-gcc | 0.1.2 | 24.00 | 29.39 | 53.39 | OK | |
| r-devel-windows-x86_64 | 0.1.2 | 13.00 | 65.00 | 78.00 | OK | |
| r-patched-linux-x86_64 | 0.1.2 | 11.11 | 23.33 | 34.44 | OK | |
| r-release-linux-x86_64 | 0.1.2 | 10.74 | 23.65 | 34.39 | OK | |
| r-release-macos-arm64 | 0.1.2 | 6.00 | 17.00 | 23.00 | OK | |
| r-release-macos-x86_64 | 0.1.2 | 9.00 | 27.00 | 36.00 | OK | |
| r-release-windows-x86_64 | 0.1.2 | 14.00 | 68.00 | 82.00 | OK | |
| r-oldrel-macos-arm64 | 0.1.2 | 6.00 | 15.00 | 21.00 | NOTE | |
| r-oldrel-macos-x86_64 | 0.1.2 | 8.00 | 22.00 | 30.00 | NOTE | |
| r-oldrel-windows-x86_64 | 0.1.2 | 15.00 | 71.00 | 86.00 | NOTE | 
Version: 0.1.2
Check: CRAN incoming feasibility
Result: NOTE
  Maintainer: ‘Kei Nakagawa <kei.nak.0315@gmail.com>’
  
  The Description field contains
    Anava and Levy (2016) <arXiv:1701.07266>.
  Please refer to arXiv e-prints via their arXiv DOI <doi:10.48550/arXiv.YYMM.NNNNN>.
Flavors: r-devel-linux-x86_64-debian-clang, r-devel-linux-x86_64-debian-gcc
Version: 0.1.2
Check: LazyData
Result: NOTE
    'LazyData' is specified without a 'data' directory
Flavors: r-oldrel-macos-arm64, r-oldrel-macos-x86_64, r-oldrel-windows-x86_64