Last updated on 2025-05-22 05:51:05 CEST.
Flavor | Version | Tinstall | Tcheck | Ttotal | Status | Flags |
---|---|---|---|---|---|---|
r-devel-linux-x86_64-debian-clang | 0.1.1 | 2.58 | 28.33 | 30.91 | NOTE | |
r-devel-linux-x86_64-debian-gcc | 0.1.1 | 2.18 | 23.31 | 25.49 | NOTE | |
r-devel-linux-x86_64-fedora-clang | 0.1.1 | 48.30 | NOTE | |||
r-devel-linux-x86_64-fedora-gcc | 0.1.1 | 60.07 | NOTE | |||
r-devel-windows-x86_64 | 0.1.1 | 4.00 | 60.00 | 64.00 | NOTE | |
r-patched-linux-x86_64 | 0.1.1 | 2.67 | 26.16 | 28.83 | NOTE | |
r-release-linux-x86_64 | 0.1.1 | 2.22 | 26.42 | 28.64 | NOTE | |
r-release-macos-arm64 | 0.1.1 | 48.00 | NOTE | |||
r-release-macos-x86_64 | 0.1.1 | 62.00 | NOTE | |||
r-release-windows-x86_64 | 0.1.1 | 4.00 | 79.00 | 83.00 | NOTE | |
r-oldrel-macos-arm64 | 0.1.1 | 25.00 | NOTE | |||
r-oldrel-macos-x86_64 | 0.1.1 | 36.00 | NOTE | |||
r-oldrel-windows-x86_64 | 0.1.1 | 5.00 | 55.00 | 60.00 | NOTE |
Version: 0.1.1
Check: Rd files
Result: NOTE
checkRd: (-1) useKeys.Rd:13: Lost braces; missing escapes or markup?
13 | This function adds the {keys} dependencies to your application
| ^
Flavors: r-devel-linux-x86_64-debian-clang, r-devel-linux-x86_64-debian-gcc, r-devel-linux-x86_64-fedora-clang, r-devel-linux-x86_64-fedora-gcc, r-devel-windows-x86_64, r-patched-linux-x86_64, r-release-linux-x86_64, r-release-macos-arm64, r-release-macos-x86_64, r-release-windows-x86_64, r-oldrel-macos-arm64, r-oldrel-macos-x86_64, r-oldrel-windows-x86_64