Last updated on 2025-05-22 05:51:05 CEST.
Flavor | Version | Tinstall | Tcheck | Ttotal | Status | Flags |
---|---|---|---|---|---|---|
r-devel-linux-x86_64-debian-clang | 0.1 | 9.33 | 64.78 | 74.11 | NOTE | |
r-devel-linux-x86_64-debian-gcc | 0.1 | 6.49 | 50.33 | 56.82 | NOTE | |
r-devel-linux-x86_64-fedora-clang | 0.1 | 121.00 | NOTE | |||
r-devel-linux-x86_64-fedora-gcc | 0.1 | 131.20 | NOTE | |||
r-devel-windows-x86_64 | 0.1 | 9.00 | 115.00 | 124.00 | NOTE | |
r-patched-linux-x86_64 | 0.1 | 8.80 | 60.90 | 69.70 | NOTE | |
r-release-linux-x86_64 | 0.1 | 8.13 | 61.74 | 69.87 | NOTE | |
r-release-macos-arm64 | 0.1 | 86.00 | NOTE | |||
r-release-macos-x86_64 | 0.1 | 90.00 | NOTE | |||
r-release-windows-x86_64 | 0.1 | 9.00 | 134.00 | 143.00 | NOTE | |
r-oldrel-macos-arm64 | 0.1 | 58.00 | NOTE | |||
r-oldrel-macos-x86_64 | 0.1 | 78.00 | NOTE | |||
r-oldrel-windows-x86_64 | 0.1 | 9.00 | 78.00 | 87.00 | NOTE |
Version: 0.1
Check: package subdirectories
Result: NOTE
Problems with news in ‘NEWS.md’:
Cannot extract version info from the following section titles:
pre-release juicr (2017 - 2021)
Flavors: r-devel-linux-x86_64-debian-clang, r-devel-linux-x86_64-debian-gcc, r-devel-linux-x86_64-fedora-clang, r-devel-linux-x86_64-fedora-gcc, r-devel-windows-x86_64, r-patched-linux-x86_64, r-release-linux-x86_64, r-release-macos-arm64, r-release-macos-x86_64, r-release-windows-x86_64, r-oldrel-macos-arm64, r-oldrel-macos-x86_64, r-oldrel-windows-x86_64