Last updated on 2025-05-22 05:51:05 CEST.
Flavor | Version | Tinstall | Tcheck | Ttotal | Status | Flags |
---|---|---|---|---|---|---|
r-devel-linux-x86_64-debian-clang | 2.2 | 3.39 | 39.64 | 43.03 | NOTE | |
r-devel-linux-x86_64-debian-gcc | 2.2 | 2.08 | 27.34 | 29.42 | NOTE | |
r-devel-linux-x86_64-fedora-clang | 2.2 | 66.96 | OK | |||
r-devel-linux-x86_64-fedora-gcc | 2.2 | 73.63 | OK | |||
r-devel-windows-x86_64 | 2.2 | 4.00 | 103.00 | 107.00 | OK | |
r-patched-linux-x86_64 | 2.2 | 3.63 | 38.38 | 42.01 | OK | |
r-release-linux-x86_64 | 2.2 | 2.89 | 37.91 | 40.80 | OK | |
r-release-macos-arm64 | 2.2 | 27.00 | OK | |||
r-release-macos-x86_64 | 2.2 | 59.00 | OK | |||
r-release-windows-x86_64 | 2.2 | 4.00 | 112.00 | 116.00 | OK | |
r-oldrel-macos-arm64 | 2.2 | 26.00 | OK | |||
r-oldrel-macos-x86_64 | 2.2 | 52.00 | OK | |||
r-oldrel-windows-x86_64 | 2.2 | 4.00 | 82.00 | 86.00 | OK |
Version: 2.2
Check: CRAN incoming feasibility
Result: NOTE
Maintainer: ‘Steven T. Garren <GARRENST@JMU.EDU>’
No Authors@R field in DESCRIPTION.
Please add one, modifying
Authors@R: person(given = c("Steven", "T."),
family = "Garren",
role = c("aut", "cre"),
email = "garrenst@jmu.edu")
as necessary.
Flavors: r-devel-linux-x86_64-debian-clang, r-devel-linux-x86_64-debian-gcc