CRAN Package Check Results for Package itsadug

Last updated on 2025-05-22 05:51:05 CEST.

Flavor Version Tinstall Tcheck Ttotal Status Flags
r-devel-linux-x86_64-debian-clang 2.4.1 11.74 105.99 117.73 NOTE
r-devel-linux-x86_64-debian-gcc 2.4.1 8.47 73.08 81.55 NOTE
r-devel-linux-x86_64-fedora-clang 2.4.1 183.98 OK
r-devel-linux-x86_64-fedora-gcc 2.4.1 326.44 OK
r-devel-windows-x86_64 2.4.1 14.00 144.00 158.00 NOTE
r-patched-linux-x86_64 2.4.1 15.32 99.80 115.12 NOTE
r-release-linux-x86_64 2.4.1 12.32 99.42 111.74 NOTE
r-release-macos-arm64 2.4.1 131.00 OK
r-release-macos-x86_64 2.4.1 335.00 OK
r-release-windows-x86_64 2.4.1 14.00 173.00 187.00 NOTE
r-oldrel-macos-arm64 2.4.1 111.00 OK
r-oldrel-macos-x86_64 2.4.1 173.00 OK
r-oldrel-windows-x86_64 2.4.1 18.00 157.00 175.00 OK

Check Details

Version: 2.4.1
Check: Rd cross-references
Result: NOTE Found the following Rd file(s) with Rd \link{} targets missing package anchors: fvisgam.Rd: gradientLegend plot_diff2.Rd: gradientLegend plot_parametric.Rd: dotplot_error plot_pca_surface.Rd: gradientLegend plot_topo.Rd: gradientLegend pvisgam.Rd: gradientLegend Please provide package anchors for all Rd \link{} targets not in the package itself and the base packages. Flavors: r-devel-linux-x86_64-debian-clang, r-devel-linux-x86_64-debian-gcc, r-devel-windows-x86_64, r-patched-linux-x86_64, r-release-linux-x86_64, r-release-windows-x86_64