Last updated on 2025-10-30 05:51:14 CET.
| Flavor | Version | Tinstall | Tcheck | Ttotal | Status | Flags | 
|---|---|---|---|---|---|---|
| r-devel-linux-x86_64-debian-clang | 0.90.1 | 2.44 | 42.36 | 44.80 | NOTE | |
| r-devel-linux-x86_64-debian-gcc | 0.90.1 | 1.87 | 29.99 | 31.86 | NOTE | |
| r-devel-linux-x86_64-fedora-clang | 0.90.1 | 73.75 | NOTE | |||
| r-devel-linux-x86_64-fedora-gcc | 0.90.1 | 63.66 | NOTE | |||
| r-devel-windows-x86_64 | 0.90.1 | 4.00 | 71.00 | 75.00 | NOTE | |
| r-patched-linux-x86_64 | 0.90.1 | 3.12 | 40.23 | 43.35 | NOTE | |
| r-release-linux-x86_64 | 0.90.1 | 2.55 | 40.52 | 43.07 | NOTE | |
| r-release-macos-arm64 | 0.90.1 | 1.00 | 23.00 | 24.00 | NOTE | |
| r-release-macos-x86_64 | 0.90.1 | 2.00 | 43.00 | 45.00 | NOTE | |
| r-release-windows-x86_64 | 0.90.1 | 6.00 | 75.00 | 81.00 | NOTE | |
| r-oldrel-macos-arm64 | 0.90.1 | 1.00 | 21.00 | 22.00 | NOTE | |
| r-oldrel-macos-x86_64 | 0.90.1 | 2.00 | 38.00 | 40.00 | NOTE | |
| r-oldrel-windows-x86_64 | 0.90.1 | 5.00 | 88.00 | 93.00 | NOTE | 
Version: 0.90.1
Check: CRAN incoming feasibility
Result: NOTE
  Maintainer: ‘Allen Goebl <goebl005@umn.edu>’
  
  No Authors@R field in DESCRIPTION.
  Please add one, modifying
    Authors@R: c(person(given = "Allen",
                        family = "Goebl",
                        role = c("aut", "cre"),
                        email = "goebl005@umn.edu"),
                 person(given = "Jeff",
                        family = "Jones",
                        role = "aut",
                        email = "jone1087@umn.ed"),
                 person(given = "Adam",
                        family = "Beatty",
                        role = "aut",
                        email = "abeatty@humrro.org"))
  as necessary.
  
  Package CITATION file contains call(s) to old-style personList() or
  as.personList().  Please use c() on person objects instead.
  Package CITATION file contains call(s) to old-style citEntry().  Please
  use bibentry() instead.
Flavors: r-devel-linux-x86_64-debian-clang, r-devel-linux-x86_64-debian-gcc
Version: 0.90.1
Check: Rd files
Result: NOTE
  checkRd: (-1) aiPux.Rd:25: Lost braces in \itemize; \value handles \item{}{} directly
  checkRd: (-1) aiPux.Rd:26: Lost braces in \itemize; \value handles \item{}{} directly
  checkRd: (-1) aiPux.Rd:27: Lost braces in \itemize; \value handles \item{}{} directly
  checkRd: (-1) aiPux.Rd:28: Lost braces in \itemize; \value handles \item{}{} directly
  checkRd: (-1) aiPux.Rd:29: Lost braces in \itemize; \value handles \item{}{} directly
  checkRd: (-1) aiPux.Rd:30: Lost braces in \itemize; \value handles \item{}{} directly
  checkRd: (-1) aiPuxComposite.Rd:34: Lost braces in \itemize; \value handles \item{}{} directly
  checkRd: (-1) aiPuxComposite.Rd:35: Lost braces in \itemize; \value handles \item{}{} directly
  checkRd: (-1) aiPuxComposite.Rd:36: Lost braces in \itemize; \value handles \item{}{} directly
  checkRd: (-1) aiPuxComposite.Rd:37: Lost braces in \itemize; \value handles \item{}{} directly
  checkRd: (-1) aiPuxComposite.Rd:38: Lost braces in \itemize; \value handles \item{}{} directly
  checkRd: (-1) aiPuxComposite.Rd:39: Lost braces in \itemize; \value handles \item{}{} directly
  checkRd: (-1) dls2007.Rd:19: Lost braces
      19 | impact. emph{Journal of Applied Psychology}, 92(5), 1380.
         |             ^
  checkRd: (-1) paretoXX.Rd:20: Lost braces in \itemize; \value handles \item{}{} directly
  checkRd: (-1) paretoXX.Rd:21: Lost braces in \itemize; \value handles \item{}{} directly
  checkRd: (-1) paretoXX.Rd:22-23: Lost braces in \itemize; \value handles \item{}{} directly
  checkRd: (-1) paretoXY.Rd:29: Lost braces in \itemize; \value handles \item{}{} directly
  checkRd: (-1) paretoXY.Rd:30-31: Lost braces in \itemize; \value handles \item{}{} directly
  checkRd: (-1) paretoXY.Rd:32-33: Lost braces in \itemize; \value handles \item{}{} directly
Flavors: r-devel-linux-x86_64-debian-clang, r-devel-linux-x86_64-debian-gcc, r-devel-linux-x86_64-fedora-clang, r-devel-linux-x86_64-fedora-gcc, r-devel-windows-x86_64, r-patched-linux-x86_64, r-release-linux-x86_64, r-release-macos-arm64, r-release-macos-x86_64, r-release-windows-x86_64, r-oldrel-macos-arm64, r-oldrel-macos-x86_64, r-oldrel-windows-x86_64