CRAN Package Check Results for Package inaparc

Last updated on 2025-05-22 05:51:04 CEST.

Flavor Version Tinstall Tcheck Ttotal Status Flags
r-devel-linux-x86_64-debian-clang 1.2.0 5.04 43.35 48.39 NOTE
r-devel-linux-x86_64-debian-gcc 1.2.0 2.70 32.24 34.94 NOTE
r-devel-linux-x86_64-fedora-clang 1.2.0 73.31 NOTE
r-devel-linux-x86_64-fedora-gcc 1.2.0 69.82 NOTE
r-devel-windows-x86_64 1.2.0 7.00 103.00 110.00 NOTE
r-patched-linux-x86_64 1.2.0 4.53 41.21 45.74 NOTE
r-release-linux-x86_64 1.2.0 4.74 41.06 45.80 NOTE
r-release-macos-arm64 1.2.0 29.00 NOTE
r-release-macos-x86_64 1.2.0 44.00 NOTE
r-release-windows-x86_64 1.2.0 7.00 113.00 120.00 NOTE
r-oldrel-macos-arm64 1.2.0 25.00 NOTE
r-oldrel-macos-x86_64 1.2.0 35.00 NOTE
r-oldrel-windows-x86_64 1.2.0 6.00 84.00 90.00 NOTE

Check Details

Version: 1.2.0
Check: CRAN incoming feasibility
Result: NOTE Maintainer: ‘Zeynel Cebeci <zcebeci@cukurova.edu.tr>’ Package CITATION file contains call(s) to old-style citEntry(). Please use bibentry() instead. Flavors: r-devel-linux-x86_64-debian-clang, r-devel-linux-x86_64-debian-gcc

Version: 1.2.0
Check: Rd files
Result: NOTE checkRd: (-1) kmpp.Rd:27: Lost braces 27 | \item{call}{a string containing the matched function call that generates this sQuote{inaparc} object.} | ^ Flavors: r-devel-linux-x86_64-debian-clang, r-devel-linux-x86_64-debian-gcc, r-devel-linux-x86_64-fedora-clang, r-devel-linux-x86_64-fedora-gcc, r-devel-windows-x86_64, r-patched-linux-x86_64, r-release-linux-x86_64, r-release-macos-arm64, r-release-macos-x86_64, r-release-windows-x86_64, r-oldrel-macos-arm64, r-oldrel-macos-x86_64, r-oldrel-windows-x86_64

Version: 1.2.0
Check: for unstated dependencies in ‘demo’
Result: NOTE '::' or ':::' imports not declared from: ‘GGally’ ‘NbClust’ ‘cluster’ ‘factoextra’ ‘vegclust’ Flavors: r-devel-linux-x86_64-debian-clang, r-devel-linux-x86_64-debian-gcc, r-patched-linux-x86_64, r-release-linux-x86_64