Last updated on 2025-10-29 05:50:14 CET.
| Flavor | Version | Tinstall | Tcheck | Ttotal | Status | Flags | 
|---|---|---|---|---|---|---|
| r-devel-linux-x86_64-debian-clang | 1.0.1 | 9.64 | 620.39 | 630.03 | NOTE | |
| r-devel-linux-x86_64-debian-gcc | 1.0.1 | 6.60 | 400.65 | 407.25 | NOTE | |
| r-devel-linux-x86_64-fedora-clang | 1.0.1 | 39.00 | 1003.73 | 1042.73 | NOTE | |
| r-devel-linux-x86_64-fedora-gcc | 1.0.1 | 22.00 | 909.92 | 931.92 | NOTE | |
| r-devel-windows-x86_64 | 1.0.1 | 11.00 | 576.00 | 587.00 | NOTE | |
| r-patched-linux-x86_64 | 1.0.1 | 10.17 | 591.19 | 601.36 | NOTE | |
| r-release-linux-x86_64 | 1.0.1 | 8.42 | 592.09 | 600.51 | NOTE | |
| r-release-macos-arm64 | 1.0.1 | 4.00 | 234.00 | 238.00 | NOTE | |
| r-release-macos-x86_64 | 1.0.1 | 8.00 | 513.00 | 521.00 | NOTE | |
| r-release-windows-x86_64 | 1.0.1 | 10.00 | 538.00 | 548.00 | NOTE | |
| r-oldrel-macos-arm64 | 1.0.1 | 4.00 | 181.00 | 185.00 | OK | |
| r-oldrel-macos-x86_64 | 1.0.1 | 13.00 | 350.00 | 363.00 | OK | |
| r-oldrel-windows-x86_64 | 1.0.1 | 15.00 | 732.00 | 747.00 | OK | 
Version: 1.0.1
Check: DESCRIPTION meta-information
Result: NOTE
    Missing dependency on R >= 4.1.0 because package code uses the pipe
    |> or function shorthand \(...) syntax added in R 4.1.0.
    File(s) using such syntax:
      ‘calibrate_LLR.R’ ‘concordance.R’ ‘contentmask.R’ ‘create_corpus.R’
      ‘delta.R’ ‘density_plot.R’ ‘impostors.R’ ‘lambdaG.R’ ‘lambdaG.Rd’
      ‘lambdaG_visualize.R’ ‘lambdaG_visualize.Rd’ ‘most_similar.Rd’
      ‘ngram_tracing.R’ ‘performance.R’ ‘posterior.R’ ‘tokenize_sents.R’
      ‘utils.R’ ‘vectorize.R’
Flavors: r-devel-linux-x86_64-debian-clang, r-devel-linux-x86_64-debian-gcc, r-devel-linux-x86_64-fedora-clang, r-devel-linux-x86_64-fedora-gcc, r-devel-windows-x86_64, r-patched-linux-x86_64, r-release-linux-x86_64, r-release-macos-arm64, r-release-windows-x86_64
Version: 1.0.1
Check: DESCRIPTION meta-information
Result: NOTE
    Missing dependency on R >= 4.1.0 because package code uses the pipe
    |> or function shorthand \(...) syntax added in R 4.1.0.
    File(s) using such syntax:
      ‘calibrate_LLR.R’ ‘concordance.R’ ‘contentmask.R’ ‘create_corpus.R’
      ‘delta.R’ ‘density_plot.R’ ‘impostors.R’ ‘lambdaG.R’
      ‘lambdaG_visualize.R’ ‘ngram_tracing.R’ ‘performance.R’ ‘posterior.R’
      ‘tokenize_sents.R’ ‘utils.R’ ‘vectorize.R’
Flavor: r-release-macos-x86_64