CRAN Package Check Results for Package ibmAcousticR

Last updated on 2025-05-22 05:51:04 CEST.

Flavor Version Tinstall Tcheck Ttotal Status Flags
r-devel-linux-x86_64-debian-clang 0.2.1 2.65 25.16 27.81 OK
r-devel-linux-x86_64-debian-gcc 0.2.1 2.15 19.57 21.72 OK
r-devel-linux-x86_64-fedora-clang 0.2.1 43.07 OK
r-devel-linux-x86_64-fedora-gcc 0.2.1 40.83 OK
r-devel-windows-x86_64 0.2.1 4.00 61.00 65.00 OK
r-patched-linux-x86_64 0.2.1 2.55 24.77 27.32 OK
r-release-linux-x86_64 0.2.1 2.49 23.97 26.46 OK
r-release-macos-arm64 0.2.1 19.00 OK
r-release-macos-x86_64 0.2.1 35.00 OK
r-release-windows-x86_64 0.2.1 5.00 72.00 77.00 OK
r-oldrel-macos-arm64 0.2.1 18.00 NOTE
r-oldrel-macos-x86_64 0.2.1 24.00 NOTE
r-oldrel-windows-x86_64 0.2.1 5.00 51.00 56.00 NOTE

Check Details

Version: 0.2.1
Check: LazyData
Result: NOTE 'LazyData' is specified without a 'data' directory Flavors: r-oldrel-macos-arm64, r-oldrel-macos-x86_64, r-oldrel-windows-x86_64