Last updated on 2025-05-23 05:52:30 CEST.
Flavor | Version | Tinstall | Tcheck | Ttotal | Status | Flags |
---|---|---|---|---|---|---|
r-devel-linux-x86_64-debian-clang | 1.2.1 | 7.76 | 62.09 | 69.85 | NOTE | |
r-devel-linux-x86_64-debian-gcc | 1.2.1 | 5.02 | 47.24 | 52.26 | NOTE | |
r-devel-linux-x86_64-fedora-clang | 1.2.1 | 107.33 | OK | |||
r-devel-linux-x86_64-fedora-gcc | 1.2.1 | 102.85 | OK | |||
r-devel-windows-x86_64 | 1.2.1 | 8.00 | 135.00 | 143.00 | OK | |
r-patched-linux-x86_64 | 1.2.1 | 7.44 | 59.31 | 66.75 | OK | |
r-release-linux-x86_64 | 1.2.1 | 6.11 | 59.06 | 65.17 | OK | |
r-release-macos-arm64 | 1.2.1 | 36.00 | OK | |||
r-release-macos-x86_64 | 1.2.1 | 59.00 | OK | |||
r-release-windows-x86_64 | 1.2.1 | 8.00 | 126.00 | 134.00 | OK | |
r-oldrel-macos-arm64 | 1.2.1 | 32.00 | OK | |||
r-oldrel-macos-x86_64 | 1.2.1 | 52.00 | OK | |||
r-oldrel-windows-x86_64 | 1.2.1 | 11.00 | 95.00 | 106.00 | OK |
Version: 1.2.1
Check: CRAN incoming feasibility
Result: NOTE
Maintainer: ‘Eufrasio de A. Lima Neto <eufrasio@de.ufpb.br>’
No Authors@R field in DESCRIPTION.
Please add one, modifying
Authors@R: c(person(given = c("Eufrasio", "de", "A.", "Lima", "Neto", "/", "Claudio", "A.", "V.", "de", "Souza", "Filho", "/", "Pedro", "R.", "D."),
family = "Marinho",
role = "aut"),
person(given = c("Eufrasio", "de", "A.", "Lima"),
family = "Neto",
role = "cre",
email = "eufrasio@de.ufpb.br"))
as necessary.
Flavors: r-devel-linux-x86_64-debian-clang, r-devel-linux-x86_64-debian-gcc