Last updated on 2025-05-22 05:51:04 CEST.
Flavor | Version | Tinstall | Tcheck | Ttotal | Status | Flags |
---|---|---|---|---|---|---|
r-devel-linux-x86_64-debian-clang | 1.0-0.1 | 3.22 | 46.19 | 49.41 | NOTE | |
r-devel-linux-x86_64-debian-gcc | 1.0-0.1 | 2.51 | 35.03 | 37.54 | NOTE | |
r-devel-linux-x86_64-fedora-clang | 1.0-0.1 | 79.11 | OK | |||
r-devel-linux-x86_64-fedora-gcc | 1.0-0.1 | 74.29 | OK | |||
r-devel-windows-x86_64 | 1.0-0.1 | 4.00 | 94.00 | 98.00 | OK | |
r-patched-linux-x86_64 | 1.0-0.1 | 3.25 | 44.29 | 47.54 | OK | |
r-release-linux-x86_64 | 1.0-0.1 | 3.43 | 43.89 | 47.32 | OK | |
r-release-macos-arm64 | 1.0-0.1 | 24.00 | OK | |||
r-release-macos-x86_64 | 1.0-0.1 | 54.00 | OK | |||
r-release-windows-x86_64 | 1.0-0.1 | 5.00 | 128.00 | 133.00 | OK | |
r-oldrel-macos-arm64 | 1.0-0.1 | 32.00 | OK | |||
r-oldrel-macos-x86_64 | 1.0-0.1 | 54.00 | OK | |||
r-oldrel-windows-x86_64 | 1.0-0.1 | 6.00 | 80.00 | 86.00 | OK |
Version: 1.0-0.1
Check: CRAN incoming feasibility
Result: NOTE
Maintainer: ‘Ingmar Visser <i.visser@uva.nl>’
Package CITATION file contains call(s) to old-style personList() or
as.personList(). Please use c() on person objects instead.
Package CITATION file contains call(s) to old-style citEntry(). Please
use bibentry() instead.
Flavors: r-devel-linux-x86_64-debian-clang, r-devel-linux-x86_64-debian-gcc