Last updated on 2025-05-22 05:51:03 CEST.
Flavor | Version | Tinstall | Tcheck | Ttotal | Status | Flags |
---|---|---|---|---|---|---|
r-devel-linux-x86_64-debian-clang | 1.0.0 | 7.69 | 42.29 | 49.98 | NOTE | |
r-devel-linux-x86_64-debian-gcc | 1.0.0 | 4.50 | 32.14 | 36.64 | NOTE | |
r-devel-linux-x86_64-fedora-clang | 1.0.0 | 74.63 | NOTE | |||
r-devel-linux-x86_64-fedora-gcc | 1.0.0 | 71.95 | NOTE | |||
r-devel-windows-x86_64 | 1.0.0 | 9.00 | 76.00 | 85.00 | NOTE | |
r-patched-linux-x86_64 | 1.0.0 | 8.84 | 39.29 | 48.13 | NOTE | |
r-release-linux-x86_64 | 1.0.0 | 7.88 | 39.24 | 47.12 | NOTE | |
r-release-macos-arm64 | 1.0.0 | 35.00 | NOTE | |||
r-release-macos-x86_64 | 1.0.0 | 47.00 | NOTE | |||
r-release-windows-x86_64 | 1.0.0 | 10.00 | 96.00 | 106.00 | NOTE | |
r-oldrel-macos-arm64 | 1.0.0 | 28.00 | OK | |||
r-oldrel-macos-x86_64 | 1.0.0 | 53.00 | OK | |||
r-oldrel-windows-x86_64 | 1.0.0 | 13.00 | 69.00 | 82.00 | OK |
Version: 1.0.0
Check: DESCRIPTION meta-information
Result: NOTE
Missing dependency on R >= 4.1.0 because package code uses the pipe
|> or function shorthand \(...) syntax added in R 4.1.0.
File(s) using such syntax:
‘predict.heckmange.R’
Flavors: r-devel-linux-x86_64-debian-clang, r-devel-linux-x86_64-debian-gcc, r-devel-linux-x86_64-fedora-clang, r-devel-linux-x86_64-fedora-gcc, r-devel-windows-x86_64, r-patched-linux-x86_64, r-release-linux-x86_64, r-release-macos-arm64, r-release-macos-x86_64, r-release-windows-x86_64