Last updated on 2025-05-22 05:51:03 CEST.
Flavor | Version | Tinstall | Tcheck | Ttotal | Status | Flags |
---|---|---|---|---|---|---|
r-devel-linux-x86_64-debian-clang | 0.7.2 | 4.29 | 57.84 | 62.13 | OK | |
r-devel-linux-x86_64-debian-gcc | 0.7.2 | 3.49 | 42.25 | 45.74 | OK | |
r-devel-linux-x86_64-fedora-clang | 0.7.2 | 103.42 | OK | |||
r-devel-linux-x86_64-fedora-gcc | 0.7.2 | 120.06 | OK | |||
r-devel-windows-x86_64 | 0.7.2 | 7.00 | 105.00 | 112.00 | OK | |
r-patched-linux-x86_64 | 0.7.2 | 4.93 | 55.22 | 60.15 | OK | |
r-release-linux-x86_64 | 0.7.2 | 4.27 | 55.68 | 59.95 | OK | |
r-release-macos-arm64 | 0.7.2 | 77.00 | OK | |||
r-release-macos-x86_64 | 76.00 | OK | ||||
r-release-windows-x86_64 | 0.7.2 | 8.00 | 127.00 | 135.00 | OK | |
r-oldrel-macos-arm64 | 0.7.2 | 70.00 | NOTE | |||
r-oldrel-macos-x86_64 | 0.7.2 | 103.00 | NOTE | |||
r-oldrel-windows-x86_64 | 0.7.0 | 6.00 | 98.00 | 104.00 | NOTE |
Version: 0.7.2
Check: installed package size
Result: NOTE
installed size is 5.9Mb
sub-directories of 1Mb or more:
doc 5.3Mb
Flavors: r-oldrel-macos-arm64, r-oldrel-macos-x86_64
Version: 0.7.0
Check: installed package size
Result: NOTE
installed size is 5.8Mb
sub-directories of 1Mb or more:
doc 5.3Mb
Flavor: r-oldrel-windows-x86_64