CRAN Package Check Results for Package gsrs

Last updated on 2025-05-22 05:51:03 CEST.

Flavor Version Tinstall Tcheck Ttotal Status Flags
r-devel-linux-x86_64-debian-clang 0.1.1 1.64 24.85 26.49 NOTE
r-devel-linux-x86_64-debian-gcc 0.1.1 1.57 20.52 22.09 NOTE
r-devel-linux-x86_64-fedora-clang 0.1.1 43.65 OK
r-devel-linux-x86_64-fedora-gcc 0.1.1 40.85 OK
r-devel-windows-x86_64 0.1.1 3.00 55.00 58.00 OK
r-patched-linux-x86_64 0.1.1 1.99 24.08 26.07 OK
r-release-linux-x86_64 0.1.1 1.43 23.85 25.28 OK
r-release-macos-arm64 0.1.1 20.00 OK
r-release-macos-x86_64 0.1.1 29.00 OK
r-release-windows-x86_64 0.1.1 3.00 69.00 72.00 OK
r-oldrel-macos-arm64 0.1.1 18.00 OK
r-oldrel-macos-x86_64 0.1.1 25.00 OK
r-oldrel-windows-x86_64 0.1.1 4.00 48.00 52.00 OK

Check Details

Version: 0.1.1
Check: CRAN incoming feasibility
Result: NOTE Maintainer: ‘Yifei Zhang <yz3925@columbia.edu>’ No Authors@R field in DESCRIPTION. Please add one, modifying Authors@R: c(person(given = "Yifei", family = "Zhang", role = c("aut", "cre"), email = "yz3925@columbia.edu"), person(given = "Xuan", family = "Bi", role = "aut")) as necessary. Flavors: r-devel-linux-x86_64-debian-clang, r-devel-linux-x86_64-debian-gcc