Last updated on 2025-05-22 05:51:03 CEST.
Flavor | Version | Tinstall | Tcheck | Ttotal | Status | Flags |
---|---|---|---|---|---|---|
r-devel-linux-x86_64-debian-clang | 0.0.11 | 11.21 | 91.88 | 103.09 | NOTE | |
r-devel-linux-x86_64-debian-gcc | 0.0.11 | 7.53 | 63.95 | 71.48 | NOTE | |
r-devel-linux-x86_64-fedora-clang | 0.0.11 | 155.57 | OK | |||
r-devel-linux-x86_64-fedora-gcc | 0.0.11 | 164.00 | OK | |||
r-devel-windows-x86_64 | 0.0.11 | 13.00 | 137.00 | 150.00 | NOTE | |
r-patched-linux-x86_64 | 0.0.11 | 10.40 | 85.08 | 95.48 | NOTE | |
r-release-linux-x86_64 | 0.0.11 | 10.36 | 85.17 | 95.53 | NOTE | |
r-release-macos-arm64 | 0.0.11 | 50.00 | OK | |||
r-release-macos-x86_64 | 0.0.11 | 97.00 | OK | |||
r-release-windows-x86_64 | 0.0.11 | 15.00 | 113.00 | 128.00 | NOTE | |
r-oldrel-macos-arm64 | 0.0.11 | 54.00 | OK | |||
r-oldrel-macos-x86_64 | 0.0.11 | 78.00 | OK | |||
r-oldrel-windows-x86_64 | 0.0.11 | 16.00 | 127.00 | 143.00 | OK |
Version: 0.0.11
Check: Rd cross-references
Result: NOTE
Found the following Rd file(s) with Rd \link{} targets missing package
anchors:
grafzahl.Rd: corpus, docvars
predict.grafzahl.Rd: corpus
Please provide package anchors for all Rd \link{} targets not in the
package itself and the base packages.
Flavors: r-devel-linux-x86_64-debian-clang, r-devel-linux-x86_64-debian-gcc, r-devel-windows-x86_64, r-patched-linux-x86_64, r-release-linux-x86_64, r-release-windows-x86_64