Last updated on 2025-05-22 05:51:03 CEST.
Flavor | Version | Tinstall | Tcheck | Ttotal | Status | Flags |
---|---|---|---|---|---|---|
r-devel-linux-x86_64-debian-clang | 0.11.3 | 20.76 | 141.23 | 161.99 | NOTE | |
r-devel-linux-x86_64-debian-gcc | 0.11.3 | 16.00 | 97.60 | 113.60 | NOTE | |
r-devel-linux-x86_64-fedora-clang | 0.11.3 | 255.63 | NOTE | |||
r-devel-linux-x86_64-fedora-gcc | 0.11.3 | 257.37 | NOTE | |||
r-devel-windows-x86_64 | 0.11.3 | 29.00 | 198.00 | 227.00 | NOTE | |
r-patched-linux-x86_64 | 0.11.3 | 22.38 | 132.60 | 154.98 | NOTE | |
r-release-linux-x86_64 | 0.11.3 | 18.98 | 132.08 | 151.06 | NOTE | |
r-release-macos-arm64 | 0.11.3 | 93.00 | NOTE | |||
r-release-macos-x86_64 | 0.11.3 | 147.00 | NOTE | |||
r-release-windows-x86_64 | 0.11.3 | 31.00 | 233.00 | 264.00 | NOTE | |
r-oldrel-macos-arm64 | 0.11.3 | 72.00 | NOTE | |||
r-oldrel-macos-x86_64 | 0.11.3 | 111.00 | NOTE | |||
r-oldrel-windows-x86_64 | 0.11.3 | 34.00 | 202.00 | 236.00 | NOTE |
Version: 0.11.3
Check: Rd files
Result: NOTE
checkRd: (-1) Maf.data.frame.Rd:65: Lost braces
65 | the lag distance to take. \%For other options see code{getEmpVariogramSlice}.}
| ^
checkRd: (-1) NGSAustralia.Rd:114: Lost braces; missing escapes or markup?
114 | \item{MRB}{obtained from simplifying the major crustal boundaries of {Korsch2015a, Korsch2015b}}
| ^
Flavors: r-devel-linux-x86_64-debian-clang, r-devel-linux-x86_64-debian-gcc, r-devel-linux-x86_64-fedora-clang, r-devel-linux-x86_64-fedora-gcc, r-devel-windows-x86_64, r-patched-linux-x86_64, r-release-linux-x86_64, r-release-macos-arm64, r-release-macos-x86_64, r-release-windows-x86_64, r-oldrel-macos-arm64, r-oldrel-macos-x86_64, r-oldrel-windows-x86_64
Version: 0.11.3
Check: Rd cross-references
Result: NOTE
Found the following Rd file(s) with Rd \link{} targets missing package
anchors:
Maf.data.frame.Rd: cdt, princomp.acomp
coloredBiplot.genDiag.Rd: coloredBiplot
gsi.EVario2D.Rd: variogram
gsi.EVario3D.Rd: variogram
Please provide package anchors for all Rd \link{} targets not in the
package itself and the base packages.
Flavors: r-devel-linux-x86_64-debian-clang, r-devel-linux-x86_64-debian-gcc, r-devel-windows-x86_64, r-patched-linux-x86_64, r-release-linux-x86_64, r-release-windows-x86_64