Last updated on 2025-05-24 05:51:07 CEST.
Flavor | Version | Tinstall | Tcheck | Ttotal | Status | Flags |
---|---|---|---|---|---|---|
r-devel-linux-x86_64-debian-clang | 4.3-0 | 14.73 | 159.37 | 174.10 | NOTE | |
r-devel-linux-x86_64-debian-gcc | 4.3-0 | 10.15 | 111.79 | 121.94 | NOTE | |
r-devel-linux-x86_64-fedora-clang | 4.3-0 | 280.06 | OK | |||
r-devel-linux-x86_64-fedora-gcc | 4.3-0 | 282.50 | OK | |||
r-devel-windows-x86_64 | 4.3-0 | 15.00 | 166.00 | 181.00 | OK | |
r-patched-linux-x86_64 | 4.3-0 | 12.07 | 150.87 | 162.94 | OK | |
r-release-linux-x86_64 | 4.3-0 | 11.22 | 150.38 | 161.60 | OK | |
r-release-macos-arm64 | 4.3-0 | 87.00 | OK | |||
r-release-macos-x86_64 | 4.3-0 | 160.00 | OK | |||
r-release-windows-x86_64 | 4.3-0 | 14.00 | 238.00 | 252.00 | OK | |
r-oldrel-macos-arm64 | 4.3-0 | 77.00 | OK | |||
r-oldrel-macos-x86_64 | 4.3-0 | 121.00 | OK | |||
r-oldrel-windows-x86_64 | 4.3-0 | 20.00 | 210.00 | 230.00 | OK |
Version: 4.3-0
Check: CRAN incoming feasibility
Result: NOTE
Maintainer: ‘Benjamin E. Schlegel <kontakt@benjaminschlegel.ch>’
No Authors@R field in DESCRIPTION.
Please add one, modifying
Authors@R: person(given = c("Benjamin", "E."),
family = "Schlegel",
role = c("aut", "cre"),
email = "kontakt@benjaminschlegel.ch")
as necessary.
Flavors: r-devel-linux-x86_64-debian-clang, r-devel-linux-x86_64-debian-gcc